{"id":632,"date":"2026-04-24T17:36:07","date_gmt":"2026-04-24T15:36:07","guid":{"rendered":"http:\/\/muzeumminiaturowejsztukiprofesjonalnejhenrykjandominiakwtychach.eu\/?page_id=632"},"modified":"2026-05-03T08:29:02","modified_gmt":"2026-05-03T06:29:02","slug":"znaczki-do-klapy-emblematy-przedsiebiorstw-odziezowych","status":"publish","type":"page","link":"http:\/\/muzeumminiaturowejsztukiprofesjonalnejhenrykjandominiakwtychach.eu\/?page_id=632","title":{"rendered":"Znaczki do klapy (emblematy) przedsi\u0119biorstw odzie\u017cowych"},"content":{"rendered":"\n<h2 id=\"a11y-znaczki-do-klapy-emblematy-przedsiebiorstw-odziezowych\" lang=\"pl\" style=\"text-align: left;\">Kolekcja <span id=\"a11y-podmiot\">Muzeum Miniaturowej Sztuki Profesjonalnej Henryk Jan Dominiak w Tychach obejmuje szeroki alfabet symboliki, gdzie znaczek do klapy pe\u0142ni funkcj\u0119 miniaturowej wizyt\u00f3wki marki.<\/span><\/h2>\n<p style=\"text-align: left;\"><img decoding=\"async\" class=\"alignnone\" src=\"https:\/\/dominiakah.com\/wp\/wp-content\/uploads\/2016\/05\/logo-Henryk-Jan-Dominiak-DOMINIAK-AH.png\" alt=\"Znaczki do klapy (emblematy) przedsi\u0119biorstw odzie\u017cowych\" width=\"120\" height=\"128,375\" \/><\/p>\n<p id=\"a11y-wstep\" style=\"text-align: left;\"><strong>Znaczki do klapy (emblematy) przedsi\u0119biorstw odzie\u017cowych<\/strong> stanowi\u0105 istotny element zbior\u00f3w w <a id=\"a11y-url\" href=\" http:\/\/muzeumminiaturowejsztukiprofesjonalnejhenrykjandominiakwtychach.eu\/?p=88\"><span style=\"text-decoration: underline;\">internacjonalistycznym<\/em><\/a> <span id=\"a11y-podmiot\"><a id=\"a11y-url\" href=\" http:\/\/muzeumminiaturowejsztukiprofesjonalnejhenrykjandominiakwtychach.eu\"><span style=\"text-decoration: underline;\">Muzeum Miniaturowej Sztuki Profesjonalnej Henryk Jan Dominiak w Tychach<\/em><\/a><\/span>.<\/p>\n<p style=\"text-align: left;\">W ramach <a id=\"a11y-url\" href=\" https:\/\/muzeumminiaturowejsztukiprofesjonalnejhenrykjandominiak.eu\/wp\/2019\/05\/30\/dzial-falerystyki-weksylologii-heraldyki-symboliki-emblematyki\/\"><span style=\"text-decoration: underline;\">dzia\u0142u falerystyki, weksylologii, heraldyki, symboliki i emblematyki<\/em><\/a> gromadzone s\u0105 miniaturowe formy u\u017cytkowe, w tym metalowe klipsy marek takich jak ZARA czy znaczek polimerowy SCARANO NAPOLI, b\u0119d\u0105ce wyrazem profesjonalnej miniaturowej sztuki.<\/p>\n\n<h3 style=\"text-align: left;\">Kluczowe aspekty kolekcji:<\/h3>\n<h4 style=\"text-align: left;\">Charakter zbior\u00f3w:<\/h4>\n<p style=\"text-align: left;\">Muzeum, dzia\u0142aj\u0105ce od 2013 roku, specjalizuje si\u0119 w miniaturowych dzie\u0142ach sztuki, traktuj\u0105c emblematy (znaczki do klapy) jako pe\u0142noprawne artefakty kulturowe.<\/p>\n\n<h4 style=\"text-align: left;\">Przyk\u0142ady z sektora odzie\u017cowego:<\/h4>\n<p style=\"text-align: left;\">Kolekcja reprezentuje nowoczesne podej\u015bcie do brandingu, w kt\u00f3rym miniaturowe emblematy (piny\/przypinki) funkcjonuj\u0105 jako \u201ebi\u017cuteria korporacyjna\u201d lub ekskluzywny gad\u017cet identyfikuj\u0105cy mark\u0119. Ka\u017cdy model jest sygnowany kodem (numeracja) EMB001, EMB002 itd. sugeruje kolekcjonerski charakter znaczk\u00f3w oraz dba\u0142o\u015b\u0107 o detale i autentyczno\u015b\u0107 ka\u017cdego egzemplarza w serii.<\/p>\n\n<h4 style=\"text-align: left;\">Znaczek do klapy:<\/h4>\n<p style=\"text-align: left;\">To popularna forma tzw. lapel pin, mocowana do marynarki, koszuli, torby lub kapelusza, stanowi\u0105ca dyskretny, ale wyra\u017any element identyfikacji wizualnej.<\/p>\n\n<h4 style=\"text-align: left;\">Miniaturowa wizyt\u00f3wka marki:<\/h4>\n<p style=\"text-align: left;\">Znaczek ten ma za zadanie budowa\u0107 presti\u017c i rozpoznawalno\u015b\u0107, zast\u0119puj\u0105c tradycyjne logo w formie nadruku na rzecz formy tr\u00f3jwymiarowej, cz\u0119sto wykonanej z metalu, emalii czy szlachetnych materia\u0142\u00f3w.<\/p>\n\n<h4 style=\"text-align: left;\">Kontekst artystyczny:<\/h4>\n<p style=\"text-align: left;\">Emblematy te nie s\u0105 traktowane jedynie jako gad\u017cety reklamowe, lecz jako wysublimowane, zminiaturyzowane formy wzornictwa przemys\u0142owego, b\u0119d\u0105ce przedmiotem wystaw sta\u0142ych.<\/p>\n\n<h3 style=\"text-align: left;\">Znaczki przedsi\u0119biorstw odzie\u017cowych<\/h3>\n<p style=\"text-align: left;\">Metalowe, emaliowane lub t\u0142oczone emblematy, charakteryzuj\u0105ce si\u0119 minimalistycznym logotypem, to dzi\u015b cenione przedmioty kolekcjonerskie, kt\u00f3re dokumentuj\u0105 histori\u0119 og\u00f3lnoziemskiego wzornictwa przemys\u0142owego i odzie\u017cowego. Dawniej pe\u0142ni\u0142y one funkcj\u0119 trwa\u0142ego oznaczenia marki, dodaj\u0105c produktom elegancji i presti\u017cu, a obecnie, w dobie \u201ecichej logomanii\u201d, stanowi\u0105 synonim subtelnej luksusowo\u015bci.<\/p>\n\n<h4 style=\"text-align: left;\">Ameryka\u0144skie przedsi\u0119biorstwa odzie\u017cowe:<\/h4>\n<p style=\"text-align: left;\"><em>Clothing companies of the United States<\/em>:<\/p>\n<p style=\"text-align: left;\">1.<\/p>\n<p style=\"text-align: center;\"><img decoding=\"async\" loading=\"lazy\" class=\"alignnone size-medium\" src=\"https:\/\/upload.wikimedia.org\/wikipedia\/commons\/d\/d5\/EMB249_TH_Tommy_Hilfiger_12x9_mm_i_wst%C4%85%C5%BCka_11_x_50_mm._Eksponat_Muzeum_Miniaturowej_Sztuki_Profesjonalnej_Henryk_Jan_Dominiak_w_Tychach.jpg\" width=\"150\" height=\"150\" alt=\"\"><\/p>\n<p style=\"text-align: left;\"><a id=\"a11y-url\" href=\" https:\/\/muzeumminiaturowejsztukiprofesjonalnejhenrykjandominiak.eu\/wp\/emb249-th-tommy-hilfiger\/\"><span style=\"text-decoration: underline;\">EMB249 TH Tommy Hilfiger<\/em><\/a> Wymiary \u2013 1,1&nbsp;\u00d7&nbsp;5,0&nbsp;cm.<\/p>\n\n<h4 style=\"text-align: left;\">Brytyjskie przedsi\u0119biorstwa odzie\u017cowe:<\/h4>\n<p style=\"text-align: left;\"><em>Clothing companies of the United Kingdom<\/em>:<\/p>\n<p style=\"text-align: left;\">1.<\/p>\n<p style=\"text-align: center;\"><img decoding=\"async\" loading=\"lazy\" class=\"alignnone size-medium\" src=\"https:\/\/upload.wikimedia.org\/wikipedia\/commons\/7\/7c\/EMB252_ANDREW_JAMES_NEW_YORK_13x13_mm._Eksponat_Muzeum_Miniaturowej_Sztuki_Profesjonalnej_Henryk_Jan_Dominiak_w_Tychach.jpg\" width=\"150\" height=\"150\" alt=\"\"><\/p>\n<p style=\"text-align: left;\"><a id=\"a11y-url\" href=\" https:\/\/muzeumminiaturowejsztukiprofesjonalnejhenrykjandominiak.eu\/wp\/emb252-andrew-james-new-york\/\"><span style=\"text-decoration: underline;\">EMB252 ANDREW JAMES NEW YORK<\/em><\/a> Wymiary \u2013 1,3&nbsp;\u00d7&nbsp;1,3&nbsp;cm.<\/p>\n\n<h4 style=\"text-align: left;\">Francuskie przedsi\u0119biorstwa odzie\u017cowe:<\/h4>\n<p style=\"text-align: left;\"><em>Clothing companies of France<\/em>:<\/p>\n<p style=\"text-align: left;\">1.<\/p>\n<p style=\"text-align: center;\"><img decoding=\"async\" loading=\"lazy\" class=\"alignnone\" src=\"https:\/\/upload.wikimedia.org\/wikipedia\/commons\/e\/e0\/EMB239_P_pierre_Cardin_12x12_mm._Eksponat_Muzeum_Miniaturowej_Sztuki_Profesjonalnej_Henryk_Jan_Dominiak_w_Tychach.jpg\" alt=\"EMB239 P pierre Cardin\" width=\"150\" height=\"150\"><\/p>\n<p style=\"text-align: left;\"><a id=\"a11y-url\" href=\" https:\/\/muzeumminiaturowejsztukiprofesjonalnejhenrykjandominiak.eu\/wp\/emb239-p-pierre-cardin\/\"><span style=\"text-decoration: underline;\">EMB239 P pierre Cardin<\/em><\/a> Wymiary \u2013 1,2&nbsp;\u00d7&nbsp;1,2&nbsp;cm.<\/p>\n\n<h4 style=\"text-align: left;\">Hiszpa\u0144skie przedsi\u0119biorstwa odzie\u017cowe:<\/h4>\n<p style=\"text-align: left;\"><em>Clothing companies of Spain<\/em>:<\/p>\n<p style=\"text-align: left;\">1.<\/p>\n<p style=\"text-align: center;\"><img decoding=\"async\" loading=\"lazy\" class=\"alignnone\" src=\"https:\/\/upload.wikimedia.org\/wikipedia\/commons\/a\/af\/EMB258_Metalowy_klips_ZARA_11x16_mm._Eksponat_Muzeum_Miniaturowej_Sztuki_Profesjonalnej_Henryk_Jan_Dominiak_w_Tychach.jpg\" alt=\"EMB258 Klips metalowy ZARA hiszpa\u0144skie przedsi\u0119biorstwo\" width=\"150\" height=\"150\"><\/p>\n<p style=\"text-align: left;\"><a id=\"a11y-url\" href=\" https:\/\/muzeumminiaturowejsztukiprofesjonalnejhenrykjandominiak.eu\/wp\/emb258-klips-metalowy-zara-hiszpanskie-przedsiebiorstwo\/\"><span style=\"text-decoration: underline;\">EMB258 Klips metalowy ZARA<\/em><\/a> Wymiary \u2013 1,1&nbsp;\u00d7&nbsp;1,6&nbsp;cm.<\/p>\n\n<h4 style=\"text-align: left;\">Niemieckie przedsi\u0119biorstwa odzie\u017cowe:<\/h4>\n<p style=\"text-align: left;\"><em>Clothing companies of Germany<\/em>:<\/p>\n<p style=\"text-align: left;\">1.<\/p>\n<p style=\"text-align: center;\"><img decoding=\"async\" loading=\"lazy\" class=\"alignnone size-medium\" src=\"https:\/\/upload.wikimedia.org\/wikipedia\/commons\/2\/2d\/EMB240_CG_%E2%80%93_CLUB_of_GENTS_13x13_mm._Eksponat_Muzeum_Miniaturowej_Sztuki_Profesjonalnej_Henryk_Jan_Dominiak_w_Tychach.jpg\" width=\"150\" height=\"150\" alt=\"\"><\/p>\n<p style=\"text-align: left;\"><a id=\"a11y-url\" href=\" https:\/\/muzeumminiaturowejsztukiprofesjonalnejhenrykjandominiak.eu\/wp\/emb240-cg-club-of-gents\/\"><span style=\"text-decoration: underline;\">EMB240 CG \u2013 CLUB of GENTS<\/em><\/a> Wymiary \u2013 1,3&nbsp;\u00d7&nbsp;1,3&nbsp;cm.<\/p>\n<p style=\"text-align: left;\">2.<\/p>\n<p style=\"text-align: center;\"><img decoding=\"async\" loading=\"lazy\" class=\"alignnone\" src=\"https:\/\/upload.wikimedia.org\/wikipedia\/commons\/d\/d1\/EMB241_S.OLIVER_BLACK_LABEL_12x12_mm._Eksponat_Muzeum_Miniaturowej_Sztuki_Profesjonalnej_Henryk_Jan_Dominiak_w_Tychach.jpg\" alt=\"EMB241 S.OLIVER BLACK LABEL\" width=\"150\" height=\"150\"><\/p>\n<p style=\"text-align: left;\"><a id=\"a11y-url\" href=\" https:\/\/muzeumminiaturowejsztukiprofesjonalnejhenrykjandominiak.eu\/wp\/emb241-s-oliver-black-label\/\"><span style=\"text-decoration: underline;\">EMB241 S.OLIVER BLACK LABEL<\/em><\/a> Wymiary \u2013 1,2&nbsp;\u00d7&nbsp;1,2&nbsp;cm.<\/p>\n<p style=\"text-align: left;\">3.<\/p>\n<p style=\"text-align: center;\"><img decoding=\"async\" loading=\"lazy\" class=\"alignnone size-medium\" src=\"https:\/\/upload.wikimedia.org\/wikipedia\/commons\/e\/eb\/EMB242_W%C4%99ze%C5%82_smyczy_ROY_ROBSON_1_15x15_mm._Eksponat_Muzeum_Miniaturowej_Sztuki_Profesjonalnej_Henryk_Jan_Dominiak_w_Tychach.jpg\" width=\"150\" height=\"150\" alt=\"\"><\/p>\n<p style=\"text-align: left;\"><a id=\"a11y-url\" href=\" https:\/\/muzeumminiaturowejsztukiprofesjonalnejhenrykjandominiak.eu\/wp\/emb242-wezel-smyczy-roy-robson-1\/\"><span style=\"text-decoration: underline;\">EMB242 W\u0119ze\u0142 smyczy ROY ROBSON 1<\/em><\/a> Wymiary \u2013 1,5&nbsp;\u00d7&nbsp;1,5&nbsp;cm.<\/p>\n<p style=\"text-align: left;\">4.<\/p>\n<p style=\"text-align: center;\"><img decoding=\"async\" loading=\"lazy\" class=\"alignnone size-medium\" src=\"https:\/\/upload.wikimedia.org\/wikipedia\/commons\/e\/e0\/EMB243_W%C4%99ze%C5%82_smyczy_ROY_ROBSON_2_15x15_mm._Eksponat_Muzeum_Miniaturowej_Sztuki_Profesjonalnej_Henryk_Jan_Dominiak_w_Tychach.jpg\" width=\"150\" height=\"150\" alt=\"\"><\/p>\n<p style=\"text-align: left;\"><a id=\"a11y-url\" href=\" https:\/\/muzeumminiaturowejsztukiprofesjonalnejhenrykjandominiak.eu\/wp\/emb243-wezel-smyczy-robson-2\/\"><span style=\"text-decoration: underline;\">EMB243 W\u0119ze\u0142 smyczy ROY ROBSON 2<\/em><\/a> Wymiary \u2013 1,5&nbsp;\u00d7&nbsp;1,5&nbsp;cm.<\/p>\n<p style=\"text-align: left;\">5.<\/p>\n<p style=\"text-align: center;\"><img decoding=\"async\" loading=\"lazy\" class=\"aligncenter\" src=\"https:\/\/upload.wikimedia.org\/wikipedia\/commons\/6\/6f\/EMB244_Stylizowany_chaber_JOOP%21_20x17_mm._Eksponat_Muzeum_Miniaturowej_Sztuki_Profesjonalnej_Henryk_Jan_Dominiak_w_Tychach.png\" alt=\"EMB244 Stylizowany chaber JOOP!\" width=\"150\" height=\"150\"><\/p>\n<p style=\"text-align: left;\"><a id=\"a11y-url\" href=\" https:\/\/muzeumminiaturowejsztukiprofesjonalnejhenrykjandominiak.eu\/wp\/emb244-stylizowany-chaber-joop\/\"><span style=\"text-decoration: underline;\">EMB244 Stylizowany chaber JOOP!<\/em><\/a> Wymiary \u2013 2,0&nbsp;\u00d7&nbsp;1,7&nbsp;cm.<\/p>\n<p style=\"text-align: left;\">6.<\/p>\n<p style=\"text-align: center;\"><img decoding=\"async\" loading=\"lazy\" class=\"aligncenter\" src=\"https:\/\/upload.wikimedia.org\/wikipedia\/commons\/b\/ba\/EMB262_Stylizowany_chaber_metalowy_JOOP%21_2024_rok._24x20_mm._Eksponat_Muzeum_Miniaturowej_Sztuki_Profesjonalnej_Henryk_Jan_Dominiak_w_Tychach.png\" alt=\"EMB244 Stylizowany chaber JOOP!\" width=\"150\" height=\"150\"><\/p>\n<p style=\"text-align: left;\"><a id=\"a11y-url\" href=\" https:\/\/muzeumminiaturowejsztukiprofesjonalnejhenrykjandominiak.eu\/wp\/emb244-stylizowany-chaber-joop\/\"><span style=\"text-decoration: underline;\">EMB262 Stylizowany chaber metalowy JOOP!<\/em><\/a> Wymiary \u2013 2,4&nbsp;\u00d7&nbsp;2,0&nbsp;cm.<\/p>\n<p style=\"text-align: left;\">7.<\/p>\n<p style=\"text-align: center;\"><img decoding=\"async\" loading=\"lazy\" class=\"alignnone size-medium\" src=\"https:\/\/upload.wikimedia.org\/wikipedia\/commons\/1\/1d\/EMB245_TG_THOMAS_GOODWIN_16x13_mm._Eksponat_Muzeum_Miniaturowej_Sztuki_Profesjonalnej_Henryk_Jan_Dominiak_w_Tychach.jpg\" width=\"150\" height=\"150\" alt=\"\"><\/p>\n<p style=\"text-align: left;\"><a id=\"a11y-url\" href=\" https:\/\/muzeumminiaturowejsztukiprofesjonalnejhenrykjandominiak.eu\/wp\/emb245-tg-thomas-goodwin\/\"><span style=\"text-decoration: underline;\">EMB245 TG THOMAS GOODWIN<\/em><\/a> Wymiary \u2013 1,6&nbsp;\u00d7&nbsp;1,3&nbsp;cm.<\/p>\n<p style=\"text-align: left;\">8.<\/p>\n<p style=\"text-align: center;\"><img decoding=\"async\" loading=\"lazy\" class=\"alignnone size-medium\" src=\"https:\/\/upload.wikimedia.org\/wikipedia\/commons\/3\/31\/EMB246_D_DIGEL_13x11_mm._Eksponat_Muzeum_Miniaturowej_Sztuki_Profesjonalnej_Henryk_Jan_Dominiak_w_Tychach.jpg\" width=\"150\" height=\"150\" alt=\"\"><\/p>\n<p style=\"text-align: left;\"><a id=\"a11y-url\" href=\" https:\/\/muzeumminiaturowejsztukiprofesjonalnejhenrykjandominiak.eu\/wp\/emb246-d-digel\/\"><span style=\"text-decoration: underline;\">EMB246 D DIGEL<\/em><\/a> Wymiary \u2013 1,3&nbsp;\u00d7&nbsp;1,1&nbsp;cm.<\/p>\n<p style=\"text-align: left;\">9.<\/p>\n<p style=\"text-align: center;\"><img decoding=\"async\" loading=\"lazy\" class=\"alignnone size-medium\" src=\"https:\/\/upload.wikimedia.org\/wikipedia\/commons\/1\/12\/EMB247_BB_BOSS_14x13_mm._Eksponat_Muzeum_Miniaturowej_Sztuki_Profesjonalnej_Henryk_Jan_Dominiak_w_Tychach.jpg\" width=\"150\" height=\"150\" alt=\"\"><\/p>\n<p style=\"text-align: left;\"><a id=\"a11y-url\" href=\" https:\/\/muzeumminiaturowejsztukiprofesjonalnejhenrykjandominiak.eu\/wp\/emb247-bb-boss\/\"><span style=\"text-decoration: underline;\">EMB247 BB BOSS<\/em><\/a> Wymiary \u2013 1,4&nbsp;\u00d7&nbsp;1,3&nbsp;cm.<\/p>\n<p style=\"text-align: left;\">10.<\/p>\n<p style=\"text-align: center;\"><img decoding=\"async\" loading=\"lazy\" class=\"alignnone\" src=\"https:\/\/upload.wikimedia.org\/wikipedia\/commons\/b\/bf\/EMB253_Stylizowana_flaga_Wielkiej_Brytanii_FINSHLEY_%26_HARDING_LONDON_9x15_mm._Eksponat_Muzeum_Miniaturowej_Sztuki_Profesjonalnej_Henryk_Jan_Dominiak_w_Tychach.jpg\" alt=\"EMB253 Flaga stylizowana Wielkiej Brytanii FINSHLEY &amp; HARDING LONDON\" width=\"150\" height=\"150\"><\/p>\n<p style=\"text-align: left;\"><a id=\"a11y-url\" href=\" https:\/\/muzeumminiaturowejsztukiprofesjonalnejhenrykjandominiak.eu\/wp\/emb253-flaga-stylizowana-wielkiej-brytanii-finshley-harding-london\/\">EMB253 Flaga stylizowana Wielkiej Brytanii FINSHLEY &#038; HARDING LONDON<\/a> Wymiary \u2013 0,9&nbsp;\u00d7&nbsp;1,5&nbsp;cm.<\/p>\n<p style=\"text-align: left;\">11.<\/p>\n<p style=\"text-align: center;\"><img decoding=\"async\" loading=\"lazy\" class=\"alignnone size-medium\" src=\"https:\/\/upload.wikimedia.org\/wikipedia\/commons\/8\/8b\/EMB254_Korona_FINSHLEY_%26_HARDING_LONDON_22x19_mm._Eksponat_Muzeum_Miniaturowej_Sztuki_Profesjonalnej_Henryk_Jan_Dominiak_w_Tychach.jpg\" width=\"150\" height=\"150\" alt=\"\"><\/p>\n<p style=\"text-align: left;\"><a id=\"a11y-url\" href=\" https:\/\/muzeumminiaturowejsztukiprofesjonalnejhenrykjandominiak.eu\/wp\/emb254-korona-finshley-harding-london\/\"><span style=\"text-decoration: underline;\">EMB254 Korona FINSHLEY &#038; HARDING LONDON<\/em><\/a> Wymiary \u2013 2,2&nbsp;\u00d7&nbsp;1,9&nbsp;cm.<\/p>\n<p style=\"text-align: left;\">12.<\/p>\n<p style=\"text-align: center;\"><img decoding=\"async\" loading=\"lazy\" class=\"alignnone\" src=\"https:\/\/upload.wikimedia.org\/wikipedia\/commons\/4\/47\/EMB263_Atelier_Tor%C3%ADno_GALA._2024_rok._Wymiary_13x13_mm._Eksponat_Muzeum_Miniaturowej_Sztuki_Profesjonalnej_Henryk_Jan_Dominiak_w_Tychach.png\" alt=\"EMB263 Atelier Tor\u00edno GALA\" width=\"150\" height=\"150\"><\/p>\n<p style=\"text-align: left;\"><a id=\"a11y-url\" href=\" https:\/\/muzeumminiaturowejsztukiprofesjonalnejhenrykjandominiak.eu\/wp\/emb263-atelier-torino-gala\/\"><span style=\"text-decoration: underline;\">EMB263 Atelier Tor\u00edno GALA<\/em><\/a> Wymiary \u2013 1,3&nbsp;\u00d7&nbsp;1,3&nbsp;cm.<\/p>\n\n<h4 style=\"text-align: left;\">Polskie przedsi\u0119biorstwa odzie\u017cowe:<\/h4>\n<p style=\"text-align: left;\"><em>Clothing companies of Poland<\/em>:<\/p>\n<p style=\"text-align: left;\">1.<\/p>\n<p style=\"text-align: center;\"><img decoding=\"async\" loading=\"lazy\" class=\"alignnone size-medium\" src=\"https:\/\/upload.wikimedia.org\/wikipedia\/commons\/8\/84\/EMB251_L_LANCERTO_15x16_mm._Eksponat_Muzeum_Miniaturowej_Sztuki_Profesjonalnej_Henryk_Jan_Dominiak_w_Tychach.jpg\" width=\"150\" height=\"150\" alt=\"\"><\/p>\n<p style=\"text-align: left;\"><a id=\"a11y-url\" href=\" https:\/\/muzeumminiaturowejsztukiprofesjonalnejhenrykjandominiak.eu\/wp\/emb251-l-lancerto\/\"><span style=\"text-decoration: underline;\">EMB251 L LANCERTO<\/em><\/a> Wymiary \u2013 1,5&nbsp;\u00d7&nbsp;1,6&nbsp;cm.<\/p>\n<p style=\"text-align: left;\">2.<\/p>\n<p style=\"text-align: center;\"><img decoding=\"async\" loading=\"lazy\" class=\"alignnone size-medium\" src=\"https:\/\/upload.wikimedia.org\/wikipedia\/commons\/a\/a2\/EMB256_LC_LAVARD_SINCE_1975_12x12_mm._Eksponat_Muzeum_Miniaturowej_Sztuki_Profesjonalnej_Henryk_Jan_Dominiak_w_Tychach.jpg\" width=\"150\" height=\"150\" alt=\"\"><\/p>\n<p style=\"text-align: left;\"><a id=\"a11y-url\" href=\" https:\/\/muzeumminiaturowejsztukiprofesjonalnejhenrykjandominiak.eu\/wp\/emb256-lc-lavard-since-1975\/\"><span style=\"text-decoration: underline;\">EMB256 LC LAVARD SINCE 1975<\/em><\/a> Wymiary \u2013 1,2&nbsp;\u00d7&nbsp;1,2&nbsp;cm.<\/p>\n\n<h4 style=\"text-align: left;\">Szwajcarskie przedsi\u0119biorstwa odzie\u017cowe:<\/h4>\n<p style=\"text-align: left;\"><em>Clothing companies of Switzerland<\/em>:<\/p>\n<p style=\"text-align: left;\">1.<\/p>\n<p style=\"text-align: center;\"><img decoding=\"async\" loading=\"lazy\" class=\"alignnone size-medium\" src=\"https:\/\/upload.wikimedia.org\/wikipedia\/commons\/0\/00\/EMB257_Krzy%C5%BC_z_wyci%C4%99tym_%C5%9Brodkiem_STRELLSON_12x12_mm._Eksponat_Muzeum_Miniaturowej_Sztuki_Profesjonalnej_Henryk_Jan_Dominiak_w_Tychach.jpg\" width=\"150\" height=\"150\" alt=\"\"><\/p>\n<p style=\"text-align: left;\"><a id=\"a11y-url\" href=\" https:\/\/muzeumminiaturowejsztukiprofesjonalnejhenrykjandominiak.eu\/wp\/emb257-krzyz-z-wycietym-srodkiem-strellson\/\"><span style=\"text-decoration: underline;\">EMB257 Krzy\u017c z wyci\u0119tym \u015brodkiem STRELLSON<\/em><\/a> Wymiary \u2013 1,2&nbsp;\u00d7&nbsp;1,2&nbsp;cm.<\/p>\n\n<h4 style=\"text-align: left;\">W\u0142oskie przedsi\u0119biorstwa odzie\u017cowe:<\/h4>\n<p style=\"text-align: left;\"><em>Clothing companies of Italy<\/em>:<\/p>\n<p style=\"text-align: left;\">1.<\/p>\n<p style=\"text-align: center;\"><img decoding=\"async\" loading=\"lazy\" class=\"alignnone\" src=\"https:\/\/upload.wikimedia.org\/wikipedia\/commons\/6\/63\/EMB255_Czerwony_kwiat_CINQUE_17x18_mm._Eksponat_Muzeum_Miniaturowej_Sztuki_Profesjonalnej_Henryk_Jan_Dominiak_w_Tychach.jpg\" alt=\"EMB255 Kwiat czerwony CINQUE\" width=\"150\" height=\"150\"><\/p>\n<p style=\"text-align: left;\"><a id=\"a11y-url\" href=\" https:\/\/muzeumminiaturowejsztukiprofesjonalnejhenrykjandominiak.eu\/wp\/emb255-kwiat-czerwony-cinque\/\"><span style=\"text-decoration: underline;\">EMB255 Kwiat czerwony CINQUE<\/em><\/a> Wymiary \u2013 1,7&nbsp;\u00d7&nbsp;1,8&nbsp;cm.<\/p>\n<p style=\"text-align: left;\">2.<\/p>\n<p style=\"text-align: center;\"><img decoding=\"async\" loading=\"lazy\" class=\"alignnone size-medium\" src=\"https:\/\/upload.wikimedia.org\/wikipedia\/commons\/b\/b1\/EMB259_Znaczek_z_polimer%C3%B3w_syntetycznych_orange_SCARANO_NAPOLI_12x14_mm._Eksponat_Muzeum_Miniaturowej_Sztuki_Profesjonalnej_Henryk_Jan_Dominiak_w_Tychach.jpg\" width=\"150\" height=\"150\" alt=\"\"><\/p>\n<p style=\"text-align: left;\"><a id=\"a11y-url\" href=\" https:\/\/muzeumminiaturowejsztukiprofesjonalnejhenrykjandominiak.eu\/wp\/emb259-znaczek-z-polimerow-syntetycznych-orange-scarano-napoli\/\"><span style=\"text-decoration: underline;\">EMB259 Znaczek z polimer\u00f3w syntetycznych orange SCARANO NAPOLI<\/em><\/a> Wymiary \u2013 1,2&nbsp;\u00d7&nbsp;1,4&nbsp;cm.<\/p>\n<p style=\"text-align: left;\">3.<\/p>\n<p style=\"text-align: center;\"><img decoding=\"async\" loading=\"lazy\" class=\"alignnone\" src=\"https:\/\/upload.wikimedia.org\/wikipedia\/commons\/8\/82\/EMB265_MANUEL_RITZ._2025_rok._Wymiaty_15x15_mm._Eksponat_Muzeum_Miniaturowej_Sztuki_Profesjonalnej_Henryk_Jan_Dominiak_w_Tychach.png\" alt=\"EMB265 MANUEL RITZ\" width=\"150\" height=\"150\"><\/p>\n<p style=\"text-align: left;\"><a id=\"a11y-url\" href=\" https:\/\/muzeumminiaturowejsztukiprofesjonalnejhenrykjandominiak.eu\/wp\/emb265-manuel-ritz\/\"><span style=\"text-decoration: underline;\">EMB265 MANUEL RITZ<\/em><\/a> Wymiary \u2013 1,5&nbsp;\u00d7&nbsp;1,5&nbsp;cm.<\/p>\n\n\n\n<p><\/p>\n","protected":false},"excerpt":{"rendered":"<p>Kolekcja Muzeum Miniaturowej Sztuki Profesjonalnej Henryk Jan Dominiak w Tychach obejmuje szeroki alfabet symboliki, gdzie znaczek do klapy pe\u0142ni funkcj\u0119 miniaturowej wizyt\u00f3wki marki. Znaczki do klapy (emblematy) przedsi\u0119biorstw odzie\u017cowych stanowi\u0105 istotny element zbior\u00f3w w internacjonalistycznym Muzeum Miniaturowej Sztuki Profesjonalnej Henryk Jan Dominiak w Tychach. W ramach dzia\u0142u falerystyki, weksylologii, heraldyki, symboliki i emblematyki gromadzone s\u0105 [&hellip;]<\/p>\n","protected":false},"author":1,"featured_media":0,"parent":0,"menu_order":800,"comment_status":"closed","ping_status":"closed","template":"","meta":{"footnotes":""},"class_list":["post-632","page","type-page","status-publish","hentry"],"_links":{"self":[{"href":"http:\/\/muzeumminiaturowejsztukiprofesjonalnejhenrykjandominiakwtychach.eu\/index.php?rest_route=\/wp\/v2\/pages\/632","targetHints":{"allow":["GET"]}}],"collection":[{"href":"http:\/\/muzeumminiaturowejsztukiprofesjonalnejhenrykjandominiakwtychach.eu\/index.php?rest_route=\/wp\/v2\/pages"}],"about":[{"href":"http:\/\/muzeumminiaturowejsztukiprofesjonalnejhenrykjandominiakwtychach.eu\/index.php?rest_route=\/wp\/v2\/types\/page"}],"author":[{"embeddable":true,"href":"http:\/\/muzeumminiaturowejsztukiprofesjonalnejhenrykjandominiakwtychach.eu\/index.php?rest_route=\/wp\/v2\/users\/1"}],"replies":[{"embeddable":true,"href":"http:\/\/muzeumminiaturowejsztukiprofesjonalnejhenrykjandominiakwtychach.eu\/index.php?rest_route=%2Fwp%2Fv2%2Fcomments&post=632"}],"version-history":[{"count":43,"href":"http:\/\/muzeumminiaturowejsztukiprofesjonalnejhenrykjandominiakwtychach.eu\/index.php?rest_route=\/wp\/v2\/pages\/632\/revisions"}],"predecessor-version":[{"id":1003,"href":"http:\/\/muzeumminiaturowejsztukiprofesjonalnejhenrykjandominiakwtychach.eu\/index.php?rest_route=\/wp\/v2\/pages\/632\/revisions\/1003"}],"wp:attachment":[{"href":"http:\/\/muzeumminiaturowejsztukiprofesjonalnejhenrykjandominiakwtychach.eu\/index.php?rest_route=%2Fwp%2Fv2%2Fmedia&parent=632"}],"curies":[{"name":"wp","href":"https:\/\/api.w.org\/{rel}","templated":true}]}}