{"id":193,"date":"2026-04-15T15:42:36","date_gmt":"2026-04-15T13:42:36","guid":{"rendered":"http:\/\/muzeumminiaturowejsztukiprofesjonalnejhenrykjandominiakwtychach.eu\/?page_id=193"},"modified":"2026-04-15T15:42:36","modified_gmt":"2026-04-15T13:42:36","slug":"bio-artystyczna-instalacja-tematyczna","status":"publish","type":"page","link":"http:\/\/muzeumminiaturowejsztukiprofesjonalnejhenrykjandominiakwtychach.eu\/?page_id=193","title":{"rendered":"Bio-artystyczna instalacja tematyczna"},"content":{"rendered":"\n<h2 id=\"a11y-bio-artystyczna-instalacja-tematyczna\" lang=\"pl\" style=\"text-align: left;\"><span id=\"a11y-podmiot\">Muzeum Miniaturowej Sztuki Profesjonalnej Henryk Jan Dominiak w Tychach harmonijnie \u0142\u0105czy \u015bwiat sztuki z pi\u0119knem przyrody.<\/span><\/h2>\n<p style=\"text-align: left;\"><img decoding=\"async\" class=\"alignnone\" src=\"https:\/\/dominiakah.com\/wp\/wp-content\/uploads\/2016\/05\/logo-Henryk-Jan-Dominiak-DOMINIAK-AH.png\" alt=\"Bio-artystyczna instalacja tematyczna\" width=\"120\" height=\"128,375\" \/><\/p>\n<p id=\"a11y-wstep\" style=\"text-align: left;\">Unikalna <strong>bio-artystyczna instalacja tematyczna<\/strong> w <a id=\"a11y-url\" href=\" http:\/\/muzeumminiaturowejsztukiprofesjonalnejhenrykjandominiakwtychach.eu\/?p=76\"><span style=\"text-decoration: underline;\">polskim<\/span><\/a> <span id=\"a11y-podmiot\"><a id=\"a11y-url\" href=\" http:\/\/muzeumminiaturowejsztukiprofesjonalnejhenrykjandominiakwtychach.eu\"><span style=\"text-decoration: underline;\">Muzeum Miniaturowej Sztuki Profesjonalnej Henryk Jan Dominiak w Tychach<\/span><\/a><\/span>, przyjmuje form\u0119 monumentalnego \u201eDrzewa \u017bycia\u201d, \u0142\u0105cz\u0105c natur\u0119 ze sztuk\u0105. \u017bywa rze\u017aba z sukulentu, to obiekt tr\u00f3jwymiarowy o naturalnym kszta\u0142cie, wyeksponowany w celach artystycznych i edukacyjnych.<\/p>\n<p style=\"text-align: left;\">\u201eAfryka\u0144skie Drzewo \u017bycia\u201d, to Euphorbia trigona, zwana r\u00f3wnie\u017c Wilczomleczem tr\u00f3j\u017cebrowym. Niew\u0105tpliwie, to ro\u015blina z rodziny wilczomleczowatych, pochodz\u0105ca z Afryki \u015arodkowej. Naturalnie, to sukulent o pokroju kandelabrowym, faktycznie bardzo szybko rosn\u0105cy i dekoracyjny. Oczywi\u015bcie, tr\u00f3jk\u0105tne p\u0119dy s\u0105 mi\u0119siste, a wzd\u0142u\u017c \u017ceber rosn\u0105 ma\u0142e li\u015bcie oraz pary ostrych cierni. Przede wszystkim, ze wzgl\u0119du na szybki wzrost i zdrewnia\u0142e z czasem p\u0119dy, w muzeum jest formowany na klasyczny bonsai.<\/p>\n\n<h3 style=\"text-align: left;\">Bio-artystyczna instalacja tematyczna w rzeczywisto\u015bci, hybrydowa forma, gdzie sztuka s\u0142u\u017cy upowszechnianiu wiedzy naukowej.<\/h3>\n<p style=\"text-align: left;\">Bezsprzecznie, Drzewo \u017bycia sta\u0142o si\u0119 t\u0142em dla wystawy miniatur zmar\u0142ej sierakowskiej artystki, Danuty SAGI Tomaszewskiej, stanowi\u0105c jej najwa\u017cniejszy akcent. Co wi\u0119cej, mikrorze\u017aby artystki (rze\u017abiarki, malarki i ceramiczki) umieszczono w szklanych kulach, kt\u00f3re stanowi\u0105 owoce Drzewa \u017bycia. Taka instalacja \u0142\u0105czy estetyk\u0119 organiczn\u0105 (drzewo) z precyzj\u0105 rze\u017aby w szklanych formach, tworz\u0105c efektowny, eklektyczny styl.<\/p>\n\n<h4 style=\"text-align: left;\">Konkretnie to efekty d\u0142ugotrwa\u0142ej, artystycznej pracy, wysi\u0142ku i talentu rze\u017abiarki \u2013 czyli gotowe dzie\u0142a sztuki, rze\u017aby w glinie czy masie plastycznej.<\/h4>\n<p style=\"text-align: left;\">W pierwszej kolejno\u015bci RZE1 <a id=\"a11y-url\" href=\" https:\/\/muzeumminiaturowejsztukiprofesjonalnejhenrykjandominiak.eu\/wp\/swieta-barbara-z-wieza-mmxiii-zapisala-na-wlasnym-koncie-saga\/\"><span style=\"text-decoration: underline;\">\u015awi\u0119ta Barbara z wie\u017c\u0105<\/span><\/a>, 2013 \u2013 wysoko\u015b\u0107 3,6 cm.<\/p>\n<p style=\"text-align: left;\">Nast\u0119pnie RZE2 <span style=\"color: #ff0000;\">\u015awi\u0119ta Barbara<\/span>, 2013 \u2013 ?? cm.<\/p>\n<p style=\"text-align: left;\">Kolejno RZE39 <span style=\"color: #ff0000;\">Demon podziemia<span style=\"color: #333333;\">, 2013 \u2013 ?? cm.<\/span><\/span><\/p>\n<p style=\"text-align: left;\">Ponadto RZE40 <span style=\"color: #ff0000;\">Praca w sp\u0105gu<span style=\"color: #333333;\">, 2013 \u2013 ?? cm.<\/span><\/span><\/p>\n<p style=\"text-align: left;\">Dodatkowo RZE41 <span style=\"color: #ff0000;\">Bia\u0142a Dama<\/span>, 2013 \u2013 ?? cm.<\/p>\n<p style=\"text-align: left;\">W dalszej kolejno\u015bci RZE42 <span style=\"color: #ff0000;\">La Dame Blanche<\/span>, 2013 \u2013 ?? cm.<\/p>\n<p style=\"text-align: left;\">Opr\u00f3cz tego RZE45 <span style=\"color: #ff0000;\">Stanis\u0142aw Staszic<\/span>, 2013, 1,7 cm.<\/p>\n<p style=\"text-align: left;\">Jak r\u00f3wnie\u017c RZE46 <span style=\"color: #ff0000;\">Wenus z Milo<\/span>, 2013, XX,X cm.<\/p>\n<p style=\"text-align: left;\">Wreszcie RZE47 <span style=\"color: #ff0000;\">\u015awi\u0119ta Barbara z trzyokienn\u0105 czerwon\u0105 wie\u017c\u0105<\/span>, 2013, XX,X cm.<\/p>\n<p style=\"text-align: left;\">Na zako\u0144czenie RZE48 <a id=\"a11y-url\" href=\" http:\/\/muzeumminiaturowejsztukiprofesjonalnejhenrykjandominiakwtychach.eu\/?page_id=169\"><span style=\"text-decoration: underline;\">Hrabia Fryderyk Wilhelm von Reden<\/span><\/a>, 2013, XX,X cm.<\/p>\n\n<h3 style=\"text-align: left;\">Linki zewn\u0119trzne (ang. external links).<\/h3>\n<p style=\"text-align: left;\">Na pewno <a id=\"a11y-url\" href=\" https:\/\/dominiakah.com\/wp\/skryba-tusze-tonery-pieczatki-i-papiery-tychy\/\"><span style=\"text-decoration: underline;\"><span id=\"a11y-osoba\">IRENA SIERO\u0143SKA-PIKOR SKRYBA Tusze Tonery Piecz\u0105tki i Papiery Tychy<\/span><\/span><\/a>.<\/p>\n<p style=\"text-align: left;\">Z pewno\u015bci\u0105 <a id=\"a11y-url\" href=\" https:\/\/dominiakah.com\/wp\/skryba-tusze-tonery-pieczatki-i-papiery-tychy\/\"><span style=\"text-decoration: underline;\">DOM LUX TYCHY Honoraty 32 <span id=\"a11y-osoba\">Wies\u0142awa Konieczna<\/span><\/span><\/a>.<\/p>\n","protected":false},"excerpt":{"rendered":"<p>Muzeum Miniaturowej Sztuki Profesjonalnej Henryk Jan Dominiak w Tychach harmonijnie \u0142\u0105czy \u015bwiat sztuki z pi\u0119knem przyrody. Unikalna bio-artystyczna instalacja tematyczna w polskim Muzeum Miniaturowej Sztuki Profesjonalnej Henryk Jan Dominiak w Tychach, przyjmuje form\u0119 monumentalnego \u201eDrzewa \u017bycia\u201d, \u0142\u0105cz\u0105c natur\u0119 ze sztuk\u0105. \u017bywa rze\u017aba z sukulentu, to obiekt tr\u00f3jwymiarowy o naturalnym kszta\u0142cie, wyeksponowany w celach artystycznych i [&hellip;]<\/p>\n","protected":false},"author":1,"featured_media":0,"parent":0,"menu_order":100,"comment_status":"closed","ping_status":"closed","template":"","meta":{"footnotes":""},"class_list":["post-193","page","type-page","status-publish","hentry"],"_links":{"self":[{"href":"http:\/\/muzeumminiaturowejsztukiprofesjonalnejhenrykjandominiakwtychach.eu\/index.php?rest_route=\/wp\/v2\/pages\/193","targetHints":{"allow":["GET"]}}],"collection":[{"href":"http:\/\/muzeumminiaturowejsztukiprofesjonalnejhenrykjandominiakwtychach.eu\/index.php?rest_route=\/wp\/v2\/pages"}],"about":[{"href":"http:\/\/muzeumminiaturowejsztukiprofesjonalnejhenrykjandominiakwtychach.eu\/index.php?rest_route=\/wp\/v2\/types\/page"}],"author":[{"embeddable":true,"href":"http:\/\/muzeumminiaturowejsztukiprofesjonalnejhenrykjandominiakwtychach.eu\/index.php?rest_route=\/wp\/v2\/users\/1"}],"replies":[{"embeddable":true,"href":"http:\/\/muzeumminiaturowejsztukiprofesjonalnejhenrykjandominiakwtychach.eu\/index.php?rest_route=%2Fwp%2Fv2%2Fcomments&post=193"}],"version-history":[{"count":4,"href":"http:\/\/muzeumminiaturowejsztukiprofesjonalnejhenrykjandominiakwtychach.eu\/index.php?rest_route=\/wp\/v2\/pages\/193\/revisions"}],"predecessor-version":[{"id":197,"href":"http:\/\/muzeumminiaturowejsztukiprofesjonalnejhenrykjandominiakwtychach.eu\/index.php?rest_route=\/wp\/v2\/pages\/193\/revisions\/197"}],"wp:attachment":[{"href":"http:\/\/muzeumminiaturowejsztukiprofesjonalnejhenrykjandominiakwtychach.eu\/index.php?rest_route=%2Fwp%2Fv2%2Fmedia&parent=193"}],"curies":[{"name":"wp","href":"https:\/\/api.w.org\/{rel}","templated":true}]}}