{"id":183,"date":"2026-04-15T10:05:30","date_gmt":"2026-04-15T08:05:30","guid":{"rendered":"http:\/\/muzeumminiaturowejsztukiprofesjonalnejhenrykjandominiakwtychach.eu\/?page_id=183"},"modified":"2026-04-15T10:05:30","modified_gmt":"2026-04-15T08:05:30","slug":"mal127-donald-trump","status":"publish","type":"page","link":"http:\/\/muzeumminiaturowejsztukiprofesjonalnejhenrykjandominiakwtychach.eu\/?page_id=183","title":{"rendered":"MAL127 Donald Trump"},"content":{"rendered":"\n<h2 id=\"a11y-mal127-donald-trump\" lang=\"pl\" style=\"text-align: left;\">Miniaturowy portret <span id=\"a11y-osoba\">Donalda Trumpa to unikatowy eksponat w <span id=\"a11y-podmiot\">Muzeum Miniaturowej Sztuki Profesjonalnej Henryk Jan Dominiak w Tychach, kt\u00f3ry zachwyca zwiedzaj\u0105cych niezwyk\u0142\u0105 precyzj\u0105.<\/span><\/span><\/h2>\n<p style=\"text-align: left;\"><img decoding=\"async\" class=\"alignnone\" src=\"https:\/\/dominiakah.com\/wp\/wp-content\/uploads\/2016\/05\/logo-Henryk-Jan-Dominiak-DOMINIAK-AH.png\" alt=\"MAL127 Donald Trump\" width=\"120\" height=\"128,375\" \/><\/p>\n<p id=\"a11y-wstep\" style=\"text-align: left;\">MAL127 <strong>Donald Trump<\/strong> to miniaturowy, realistyczny portret olejny-alkidowy na miedzi autorstwa <span id=\"a11y-osoba\">Paw\u0142a Brodzisza, namalowany <span id=\"a11y-data\">16 kwietnia 2025 roku<\/span>. Obraz o wymiarach 4,9 \u00d7 3,5 cm przedstawia wizerunek <span id=\"a11y-osoba\">Donalda Trumpa i znajduje si\u0119 w zbiorach <a id=\"a11y-url\" href=\" http:\/\/muzeumminiaturowejsztukiprofesjonalnejhenrykjandominiakwtychach.eu\/?p=76\"><span style=\"text-decoration: underline;\">polskiego<\/span><\/a> <span id=\"a11y-podmiot\"><a id=\"a11y-url\" href=\" http:\/\/muzeumminiaturowejsztukiprofesjonalnejhenrykjandominiakwtychach.eu\"><span style=\"text-decoration: underline;\">Muzeum Miniaturowej Sztuki Profesjonalnej Henryk Jan Dominiak w Tychach<\/span><\/a><\/span>.<\/span><\/span><\/p>\n<p style=\"text-align: left;\">Ta mikroskopijna pere\u0142ka, b\u0119d\u0105ca wizyt\u00f3wk\u0105 jednej z najmniejszych plac\u00f3wek muzealnych na \u015bwiecie, urzeka koneser\u00f3w sztuki profesjonalnej oraz mi\u0142o\u015bnik\u00f3w wizerunk\u00f3w osobisto\u015bci. Dzie\u0142o to stanowi wybitny przyk\u0142ad kunsztownej mikrominiatury.<\/p>\n\n<h3 style=\"text-align: left;\">Pozostaj\u0105cy jedn\u0105 z najbardziej wp\u0142ywowych i kontrowersyjnych postaci w nowoczesnej historii USA \u2013 oczywi\u015bcie, analiza ma\u0142ej formy malarskiej.<\/h3>\n<h4 style=\"text-align: left;\">Metryczka (bezsprzecznie, nota katalogowa):<\/h4>\n<p style=\"text-align: left;\"><strong>Fotografia:<\/strong><\/p>\n<p style=\"text-align: center;\"><img loading=\"lazy\" decoding=\"async\" class=\"alignnone\" src=\"https:\/\/upload.wikimedia.org\/wikipedia\/commons\/7\/74\/MAL127_Donald_Trump_49_x_35_mm._Artysta_malarz_Pawe%C5%82_Brodzisz_olej_-_alkid_na_miedzi_2025._Eksponat_Muzeum_Miniaturowej_Sztuki_Profesjonalnej_Henryk_Jan_Dominiak_w_Tychach.jpg\" alt=\"MAL127 Donald Trump\" width=\"300\" height=\"300\" \/><\/p>\n<p style=\"text-align: left;\"><em>Malarska miniatura olejna na miedzi przedstawiaj\u0105ca <span id=\"a11y-osoba\">Donalda Trumpa, autorstwa <span id=\"a11y-osoba\">Paw\u0142a Brodzisza z 2025 roku (wymiary 49 x 35 mm)<\/span><\/span><\/em>.<\/p>\n<p style=\"text-align: left;\"><strong>Autor:<\/strong> <span id=\"a11y-osoba\">Pawe\u0142 Brodzisz, mgr in\u017c. absolwent UMCS. Jest on aktywnym malarzem tworz\u0105cym w technice olejnej, cz\u0142onkiem Rady Stowarzyszenia \u2013 Lokalna Grupa Dzia\u0142ania \u201ePolesie\u201d oraz tw\u00f3rc\u0105 dorobku obejmuj\u0105cego ponad 40 wystaw zbiorowych (Polska, W\u0142ochy, Korea P\u0142d., W\u0119gry) i 9 wystaw indywidualnych.<\/span>.<\/p>\n<p style=\"text-align: left;\"><strong>Tytu\u0142 dzie\u0142a:<\/strong> Donald Trump.<\/p>\n<p style=\"text-align: left;\"><strong>Data powstania warto zauwa\u017cy\u0107 ma\u0142ego formatu portretowego:<\/strong> Rok 2025.<\/p>\n","protected":false},"excerpt":{"rendered":"<p>Miniaturowy portret Donalda Trumpa to unikatowy eksponat w Muzeum Miniaturowej Sztuki Profesjonalnej Henryk Jan Dominiak w Tychach, kt\u00f3ry zachwyca zwiedzaj\u0105cych niezwyk\u0142\u0105 precyzj\u0105. MAL127 Donald Trump to miniaturowy, realistyczny portret olejny-alkidowy na miedzi autorstwa Paw\u0142a Brodzisza, namalowany 16 kwietnia 2025 roku. Obraz o wymiarach 4,9 \u00d7 3,5 cm przedstawia wizerunek Donalda Trumpa i znajduje si\u0119 w [&hellip;]<\/p>\n","protected":false},"author":1,"featured_media":0,"parent":0,"menu_order":1127,"comment_status":"closed","ping_status":"closed","template":"","meta":{"footnotes":""},"class_list":["post-183","page","type-page","status-publish","hentry"],"_links":{"self":[{"href":"http:\/\/muzeumminiaturowejsztukiprofesjonalnejhenrykjandominiakwtychach.eu\/index.php?rest_route=\/wp\/v2\/pages\/183","targetHints":{"allow":["GET"]}}],"collection":[{"href":"http:\/\/muzeumminiaturowejsztukiprofesjonalnejhenrykjandominiakwtychach.eu\/index.php?rest_route=\/wp\/v2\/pages"}],"about":[{"href":"http:\/\/muzeumminiaturowejsztukiprofesjonalnejhenrykjandominiakwtychach.eu\/index.php?rest_route=\/wp\/v2\/types\/page"}],"author":[{"embeddable":true,"href":"http:\/\/muzeumminiaturowejsztukiprofesjonalnejhenrykjandominiakwtychach.eu\/index.php?rest_route=\/wp\/v2\/users\/1"}],"replies":[{"embeddable":true,"href":"http:\/\/muzeumminiaturowejsztukiprofesjonalnejhenrykjandominiakwtychach.eu\/index.php?rest_route=%2Fwp%2Fv2%2Fcomments&post=183"}],"version-history":[{"count":3,"href":"http:\/\/muzeumminiaturowejsztukiprofesjonalnejhenrykjandominiakwtychach.eu\/index.php?rest_route=\/wp\/v2\/pages\/183\/revisions"}],"predecessor-version":[{"id":186,"href":"http:\/\/muzeumminiaturowejsztukiprofesjonalnejhenrykjandominiakwtychach.eu\/index.php?rest_route=\/wp\/v2\/pages\/183\/revisions\/186"}],"wp:attachment":[{"href":"http:\/\/muzeumminiaturowejsztukiprofesjonalnejhenrykjandominiakwtychach.eu\/index.php?rest_route=%2Fwp%2Fv2%2Fmedia&parent=183"}],"curies":[{"name":"wp","href":"https:\/\/api.w.org\/{rel}","templated":true}]}}