{"id":163,"date":"2026-04-15T09:17:52","date_gmt":"2026-04-15T07:17:52","guid":{"rendered":"http:\/\/muzeumminiaturowejsztukiprofesjonalnejhenrykjandominiakwtychach.eu\/?page_id=163"},"modified":"2026-04-15T09:17:52","modified_gmt":"2026-04-15T07:17:52","slug":"artystyczna-wizja-swiata","status":"publish","type":"page","link":"http:\/\/muzeumminiaturowejsztukiprofesjonalnejhenrykjandominiakwtychach.eu\/?page_id=163","title":{"rendered":"Artystyczna wizja \u015bwiata"},"content":{"rendered":"\n<h2 id=\"a11y-artystyczna-wizja-swiata\" lang=\"pl\" style=\"text-align: left;\">Obrazy, rysunki, grafiki, rze\u017aby i medale przedstawiaj\u0105ce wybitne dzie\u0142a architektury \u015bwiatowej stanowi\u0105 \u2013 obok pozosta\u0142ych kolekcji \u2013 istotn\u0105 cz\u0119\u015b\u0107 zbior\u00f3w <span id=\"a11y-podmiot\">Muzeum Miniaturowej Sztuki Profesjonalnej Henryk Jan Dominiak w Tychach.<\/span><\/h2>\n<p style=\"text-align: left;\"><img decoding=\"async\" class=\"alignnone\" src=\"https:\/\/dominiakah.com\/wp\/wp-content\/uploads\/2016\/05\/logo-Henryk-Jan-Dominiak-DOMINIAK-AH.png\" alt=\"Artystyczna wizja \u015bwiata\" width=\"120\" height=\"128,375\" \/><\/p>\n<p id=\"a11y-wstep\" style=\"text-align: left;\"><strong>Artystyczna wizja \u015bwiata<\/strong>, realizowana w <a id=\"a11y-url\" href=\" http:\/\/muzeumminiaturowejsztukiprofesjonalnejhenrykjandominiakwtychach.eu\/?p=76\"><span style=\"text-decoration: underline;\">polskim<\/span><\/a> <span id=\"a11y-podmiot\"><a id=\"a11y-url\" href=\" http:\/\/muzeumminiaturowejsztukiprofesjonalnejhenrykjandominiakwtychach.eu\"><span style=\"text-decoration: underline;\">Muzeum Miniaturowej Sztuki Profesjonalnej Henryk Jan Dominiak w Tychach<\/span><\/a><\/span>, opiera si\u0119 na\ninkorporowaniu w\u0105tk\u00f3w budowlanych do sztuk wizualnych. Architektura w tej kolekcji nie jest traktowana jako element u\u017cytkowy, lecz jako inspiracja dla form rze\u017abiarskich, rysunkowych i malarskich. Takie podej\u015bcie stanowi o unikalno\u015bci kolekcji plac\u00f3wki, b\u0119d\u0105cej najmniejszym muzeum na <a id=\"a11y-url\" href=\" http:\/\/muzeumminiaturowejsztukiprofesjonalnejhenrykjandominiakwtychach.eu\/?p=381\"><span style=\"text-decoration: underline;\">\u015bwiecie<\/span><\/a> (powierzchnia 6,15 m\u00b2), istniej\u0105cym od 2013 roku.<\/p>\n<p style=\"text-align: left;\">Niepowtarzalny charakter muzeum polega na odwr\u00f3ceniu relacji \u2013 to nie architektura mie\u015bci sztuk\u0119, ale sztuka przetwarza architektur\u0119 w miniaturowe formy. Zjawisko to pozwala na analiz\u0119 struktury i pi\u0119kna architektury z zupe\u0142nie nowej, intymnej perspektywy, cz\u0119sto promuj\u0105c zr\u00f3\u017cnicowanie i wyrazisto\u015b\u0107 autor\u00f3w z ca\u0142ego \u015bwiata.<\/p>\n<p style=\"text-align: left;\">Muzeum przestaje by\u0107 \u015bwi\u0105tyni\u0105 ciszy i kontemplacji przedmiot\u00f3w, a staje si\u0119 przestrzeni\u0105 aktywnego do\u015bwiadczania i wsp\u00f3\u0142tworzenia narracji przez odwiedzaj\u0105cego.<\/p>\n\n<h3 style=\"text-align: left;\">W pierwszej kolejno\u015bci, architektura przedstawiana w formie malarstwa i grafik miniaturowych<\/h3>\n<h4 style=\"text-align: left;\">Anna Januszewicz-Pitlok \u2013 <a id=\"a11y-url\" href=\" http:\/\/muzeumminiaturowejsztukiprofesjonalnejhenrykjandominiakwtychach.eu\/?page_id=29\"><span style=\"text-decoration: underline;\">malarstwo miniaturowe<\/span><\/a><\/h4>\n<p style=\"text-align: left;\">1. MAL94 <span style=\"color: #ff0000;\">Zamek Predjamski<\/span>, 2021 \u2013 3,10 x 3.71 cm<\/p>\n<p style=\"text-align: left;\">2. MAL95 <span style=\"color: #ff0000;\">Zamek Matsumoto<\/span>, 2021 \u2013 3,11 x 1.60 cm.<\/p>\n<p style=\"text-align: left;\">3. MAL96 <span style=\"color: #ff0000;\">Zamek na Hradczanach<\/span>, 2021 \u2013 4,51 x 2.21 cm.<\/p>\n<p style=\"text-align: left;\">4. MAL97 <span style=\"color: #ff0000;\">Zamek Dunrobin<\/span>, 2021 \u2013 3,11 x 2.90 cm.<\/p>\n<p style=\"text-align: left;\">5. MAL98 <span style=\"color: #ff0000;\">Szyb Pu\u0142aski<\/span>, 2021 \u2013 2,01 x 2.61 cm.<\/p>\n\n<h4 style=\"text-align: left;\">Pawe\u0142 Brodzisz \u2013 malarstwo i grafika miniaturowa<\/h4>\n<p style=\"text-align: left;\">1. MAL62 Widok z D\u0105browy G\u0142\u00f3wna ulica z 1899 roku. 4,0 x 6,0 cm.<\/p>\n<p style=\"text-align: left;\">2. MAL62 Widok z D\u0105browy G\u0142\u00f3wna ulica z 1899 roku. 4,0 x 6,0 cm.<\/p>\n<p style=\"text-align: left;\">3. MAL63 D\u0105browa Kopalnia Ignacy w Zag\u00f3rzu i Huta Paulina zim\u0105 pocz\u0105tek XX wieku. 4,0 x 5,0 cm.<\/p>\n<p style=\"text-align: left;\">4. MAL64 Dworzec Wiede\u0144ski pocz\u0105tek XX wieku. 4,0 x 6,1 cm.<\/p>\n<p style=\"text-align: left;\">5. MAL102 Cz\u0119stochowa. 3,0 x 4,0 cm.<\/p>\n<p style=\"text-align: left;\">6. MAL103 Zamek w Bielsku-Bia\u0142ej. 3,0 x 4,0 cm.<\/p>\n<p style=\"text-align: left;\">7. MAL104 Racib\u00f3rz ulica D\u0142uga. 3,0 x 4,0 cm.<\/p>\n<p style=\"text-align: left;\">8. MAL105 Elektrownia Rybnik. 3,0 x 4,0 cm.<\/p>\n<p style=\"text-align: left;\">9. MAL106 Katowice Kinoteatr Rialto. 3,0 x 4,0 cm.<\/p>\n<p style=\"text-align: left;\">10. MAL107 Zamek w B\u0119dzinie. 3,0 x 4,0 cm.<\/p>\n<p style=\"text-align: left;\">11. MAL108 Zamek w Mirowie. 3,0 x 4,0 cm.<\/p>\n<p style=\"text-align: left;\">12. MAL109 Tarnowskie G\u00f3ry Dworzec PKP. 3,0 x 4,0 cm.<\/p>\n<p style=\"text-align: left;\">13. MAL110 Rotunda \u015awi\u0119tego Miko\u0142aja w Cieszynie. 3,0 x 4,0 cm.<\/p>\n<p style=\"text-align: left;\">14. MAL111 Katowice centrum miasta. 3,0 x 4,0 cm.<\/p>\n<p style=\"text-align: left;\">15. MAL112 \u015al\u0105ski pejza\u017c. 3,0 x 4,0 cm.<\/p>\n<p style=\"text-align: left;\">16. MAL113 Pustynia B\u0142\u0119dowska. 3,0 x 4,0 cm.<\/p>\n\n<h3 style=\"text-align: left;\">Na szczeg\u00f3ln\u0105 uwag\u0119 zas\u0142uguje, architektura przedstawiana w formie rze\u017ab miniaturowych i medali pami\u0105tkowych<\/h3>\n<h4 style=\"text-align: left;\">Henryk Jan Dominiak \u2013 rze\u017aa miniaturowa<\/h4>\n<h4 style=\"text-align: left;\">Medalierstwo pami\u0105tkowe<\/h4>\n","protected":false},"excerpt":{"rendered":"<p>Obrazy, rysunki, grafiki, rze\u017aby i medale przedstawiaj\u0105ce wybitne dzie\u0142a architektury \u015bwiatowej stanowi\u0105 \u2013 obok pozosta\u0142ych kolekcji \u2013 istotn\u0105 cz\u0119\u015b\u0107 zbior\u00f3w Muzeum Miniaturowej Sztuki Profesjonalnej Henryk Jan Dominiak w Tychach. Artystyczna wizja \u015bwiata, realizowana w polskim Muzeum Miniaturowej Sztuki Profesjonalnej Henryk Jan Dominiak w Tychach, opiera si\u0119 na inkorporowaniu w\u0105tk\u00f3w budowlanych do sztuk wizualnych. Architektura w [&hellip;]<\/p>\n","protected":false},"author":1,"featured_media":0,"parent":0,"menu_order":500,"comment_status":"closed","ping_status":"closed","template":"","meta":{"footnotes":""},"class_list":["post-163","page","type-page","status-publish","hentry"],"_links":{"self":[{"href":"http:\/\/muzeumminiaturowejsztukiprofesjonalnejhenrykjandominiakwtychach.eu\/index.php?rest_route=\/wp\/v2\/pages\/163","targetHints":{"allow":["GET"]}}],"collection":[{"href":"http:\/\/muzeumminiaturowejsztukiprofesjonalnejhenrykjandominiakwtychach.eu\/index.php?rest_route=\/wp\/v2\/pages"}],"about":[{"href":"http:\/\/muzeumminiaturowejsztukiprofesjonalnejhenrykjandominiakwtychach.eu\/index.php?rest_route=\/wp\/v2\/types\/page"}],"author":[{"embeddable":true,"href":"http:\/\/muzeumminiaturowejsztukiprofesjonalnejhenrykjandominiakwtychach.eu\/index.php?rest_route=\/wp\/v2\/users\/1"}],"replies":[{"embeddable":true,"href":"http:\/\/muzeumminiaturowejsztukiprofesjonalnejhenrykjandominiakwtychach.eu\/index.php?rest_route=%2Fwp%2Fv2%2Fcomments&post=163"}],"version-history":[{"count":5,"href":"http:\/\/muzeumminiaturowejsztukiprofesjonalnejhenrykjandominiakwtychach.eu\/index.php?rest_route=\/wp\/v2\/pages\/163\/revisions"}],"predecessor-version":[{"id":168,"href":"http:\/\/muzeumminiaturowejsztukiprofesjonalnejhenrykjandominiakwtychach.eu\/index.php?rest_route=\/wp\/v2\/pages\/163\/revisions\/168"}],"wp:attachment":[{"href":"http:\/\/muzeumminiaturowejsztukiprofesjonalnejhenrykjandominiakwtychach.eu\/index.php?rest_route=%2Fwp%2Fv2%2Fmedia&parent=163"}],"curies":[{"name":"wp","href":"https:\/\/api.w.org\/{rel}","templated":true}]}}