{"id":14,"date":"2026-04-14T11:23:10","date_gmt":"2026-04-14T09:23:10","guid":{"rendered":"http:\/\/muzeumminiaturowejsztukiprofesjonalnejhenrykjandominiakwtychach.eu\/?page_id=14"},"modified":"2026-04-16T18:16:09","modified_gmt":"2026-04-16T16:16:09","slug":"deklaracja-dostepnosci","status":"publish","type":"page","link":"http:\/\/muzeumminiaturowejsztukiprofesjonalnejhenrykjandominiakwtychach.eu\/?page_id=14","title":{"rendered":"Deklaracja Dost\u0119pno\u015bci"},"content":{"rendered":"\n<h2 id=\"a11y-deklaracja-dostepnosci\" lang=\"pl\" style=\"text-align: left;\">Deklaracja dost\u0119pno\u015bci Muzeum Miniaturowej Sztuki Profesjonalnej Henryk Jan Dominiak w Tychach<\/h2>\n<p style=\"text-align: left;\"><img decoding=\"async\" class=\"alignnone\" src=\"https:\/\/dominiakah.com\/wp\/wp-content\/uploads\/2016\/05\/logo-Henryk-Jan-Dominiak-DOMINIAK-AH.png\" alt=\"Deklaracja Dost\u0119pno\u015bci\" width=\"120\" height=\"128,375\" \/><\/p>\n\n<div style=\"background: #eeeeee; border: 1px solid #cccccc; padding: 5px 10px;\">\n<p style=\"text-align: left;\">To jest deklaracja dost\u0119pno\u015bci Muzeum Miniaturowej Sztuki Profesjonalnej Henryk Jan Dominiak w Tychach. Jej tre\u015b\u0107,\u00a0struktura\u00a0nag\u0142\u00f3wkowa i specjalne znaczniki w kodzie HTML s\u0105 w pe\u0142ni zgodne z\u00a0<a href=\"https:\/\/muzeumminiaturowejsztukiprofesjonalnejhenrykjandominiak.eu\/wp\/warunki-techniczne-publikacji-oraz-struktura-dokumentu-elektronicznego-deklaracji-dostepnosci\/\">Warunkami technicznymi\u00a0publikacji oraz struktur\u0105\u00a0dokumentu elektronicznego Deklaracji Dost\u0119pno\u015bci<\/a>.<\/p>\n<p style=\"text-align: left;\">Wszystkie linki, kt\u00f3rych u\u017cyli\u015bmy, prowadz\u0105 do w\u0142a\u015bciwych stron lub dokument\u00f3w.<\/p>\n\n<\/div>\n<p style=\"text-align: left;\"><span id=\"a11y-podmiot\">Muzeum Miniaturowej Sztuki Profesjonalnej Henryk Jan Dominiak w Tychach<\/span> zobowi\u0105zuje si\u0119 zapewni\u0107 dost\u0119pno\u015b\u0107 swojej <span id=\"a11y-zakres\">strony internetowej<\/span> zgodnie z przepisami ustawy z dnia 4 kwietnia 2019 r. o dost\u0119pno\u015bci cyfrowej stron internetowych i aplikacji mobilnych podmiot\u00f3w publicznych.<\/p>\n<p style=\"text-align: left;\">Deklaracja dost\u0119pno\u015bci dotyczy strony internetowej <a id=\"a11y-url\" href=\"http:\/\/muzeumminiaturowejsztukiprofesjonalnejhenrykjandominiakwtychach.eu\">Muzeum Miniaturowej Sztuki Profesjonalnej Henryk Jan Dominiak w Tychach<\/a>.<\/p>\n\n<ul>\n \t<li style=\"text-align: left;\">Data publikacji strony internetowej: <span id=\"a11y-data-publikacja\">3 czerwca 2019 r.<\/span><\/li>\n \t<li style=\"text-align: left;\">Data ostatniej istotnej aktualizacji: <span id=\"a11y-data-aktualizacja\">1 marca 2026 r.<\/span><\/li>\n<\/ul>\n<h3 style=\"text-align: left;\">Stan dost\u0119pno\u015bci cyfrowej<\/h3>\n<p id=\"a11y-status\" style=\"text-align: left;\"><strong>Strona internetowa jest cz\u0119\u015bciowo zgodna <\/strong>z za\u0142\u0105cznikiem do ustawy z dnia 4 kwietnia 2019 r. o dost\u0119pno\u015bci cyfrowej stron internetowych i aplikacji mobilnych podmiot\u00f3w publicznych z powodu niezgodno\u015bci lub wy\u0142\u0105cze\u0144 wymienionych poni\u017cej.<\/p>\n\n<h3 style=\"text-align: left;\">Niedost\u0119pne tre\u015bci<\/h3>\n<h4 style=\"text-align: left;\">Niezgodno\u015b\u0107 z za\u0142\u0105cznikiem<\/h4>\n<p style=\"text-align: left;\"><strong>Formularz kontaktowy nie ma etykiet tekstowych powi\u0105zanych z polami i mo\u017ce by\u0107 problematyczny dla os\u00f3b, kt\u00f3re korzystaj\u0105 z czytnika ekranu. <\/strong>Mo\u017cesz skontaktowa\u0107 si\u0119 z nami, pisz\u0105c na adres e-mailowy lub dzwoni\u0105c do nas. Dane teleadresowe s\u0105 obok formularza kontaktowego.<\/p>\n\n<h4 style=\"text-align: left;\">Tre\u015bci nieobj\u0119te przepisami<\/h4>\n<p style=\"text-align: left;\"><strong>W cz\u0119\u015bci film\u00f3w nie ma napis\u00f3w dla os\u00f3b nies\u0142ysz\u0105cych i G\u0142uchych.<\/strong> Wszystkie nowe filmy dodawane na naszej stronie maj\u0105 ju\u017c takie napisy. Reasumuj\u0105c, do film\u00f3w sprzed 23 wrze\u015bnia 2020 r. planujemy doda\u0107 napisy do ko\u0144ca 2025 r.<\/p>\n<p style=\"text-align: left;\"><strong>Dokumenty archiwalne opublikowane na stronie przed 23 wrze\u015bnia 2018 r. nie s\u0105 dost\u0119pne.<\/strong> Nie mamy prawnego obowi\u0105zku dostosowywania tych dokument\u00f3w. Je\u017celi potrzebujesz dost\u0119pu do nich, skontaktuj si\u0119 z nami i wska\u017c dok\u0142adnie, kt\u00f3re z nich potrzebujesz i jak powinni\u015bmy je dostosowa\u0107.<\/p>\n\n<h4 style=\"text-align: left;\">Nadmierne koszty<\/h4>\n<p style=\"text-align: left;\"><strong>Wirtualny spacer nie jest dost\u0119pny cyfrowo.<\/strong> Zapewnienie dost\u0119pno\u015bci tej funkcji oznacza bardzo wysokie koszty, kt\u00f3re w ko\u0144cowej analizie ocenili\u015bmy jako nadmierne obci\u0105\u017cenie opisane w ustawie o dost\u0119pno\u015bci cyfrowej. Ocenili\u015bmy to na podstawie <a id=\"a11y-ocena\" href=\"https:\/\/muzeumminiaturowejsztukiprofesjonalnejhenrykjandominiak.eu\/wp\/2019\/06\/03\/deklaracja-dostepnosci\/\">Analizy koszt\u00f3w dost\u0119pno\u015bci cyfrowej funkcji wirtualnego spaceru (PDF)<\/a>.<\/p>\n\n<h3 style=\"text-align: left;\">Przygotowanie deklaracji dost\u0119pno\u015bci<\/h3>\n<ul>\n \t<li style=\"text-align: left;\">Data publikacji strony internetowej: <span id=\"a11y-data-publikacja\">3 czerwca 2019 r.<\/span><\/li>\n \t<li style=\"text-align: left;\">Data ostatniego przegl\u0105du deklaracji: <span id=\"a11y-data-przeglad\">1 marca 2026 r.<\/span><\/li>\n<\/ul>\n<p style=\"text-align: left;\">Deklaracj\u0119 sporz\u0105dzili\u015bmy na podstawie samooceny w oparciu o List\u0119 kontroln\u0105 do badania dost\u0119pno\u015bci cyfrowej strony internetowej v. 2.2 (docx, 0,12MB) oraz na podstawie przegl\u0105du dokonanego przez koordynatora dost\u0119pno\u015bci CERT <a id=\"a11y-url\" href=\" http:\/\/muzeumminiaturowejsztukiprofesjonalnejhenrykjandominiakwtychach.eu\/?p=76\"><span style=\"text-decoration: underline;\">Polska<\/span><\/a>, Naukowa i Akademicka Sie\u0107 Komputerowa \u2014 <a href=\"https:\/\/outlook.live.com\/mail\/0\/inbox\/id\/AAkALgAAAAAAHYQDEapmEc2byACqAC%2FEWg0AYXqXUyLL8kas%2FfyFWTyBXwAIYU%2B1BAAA\">Wyniki skanowania \u2013 muzeumminiaturowejsztukiprofesjonalnejhenrykjandominiak.eu <\/a>.<\/p>\n\n<h3 style=\"text-align: left;\">Udogodnienia, ograniczenia i inne informacje<\/h3>\n<h4 style=\"text-align: left;\">Plany likwidacji b\u0142\u0119d\u00f3w dost\u0119pno\u015bci cyfrowej<\/h4>\n<p style=\"text-align: left;\">Planujemy przed ko\u0144cem 2025 przebudowa\u0107 stron\u0119. Ponadto, podczas przebudowy zamierzamy zlikwidowa\u0107 wszystkie b\u0142\u0119dy dost\u0119pno\u015bci cyfrowej, o kt\u00f3rych mowa powy\u017cej.<\/p>\n\n<h3 style=\"text-align: left;\">Skr\u00f3ty klawiszowe<\/h3>\n<p style=\"text-align: left;\">Opr\u00f3cz standardowych skr\u00f3t\u00f3w klawiszowych dodali\u015bmy szybkie przej\u015bcie do wyszukiwarki za pomoc\u0105 skr\u00f3tu \u201eAlt+W\u201d.<\/p>\n\n<h3 style=\"text-align: left;\">Informacje zwrotne i dane kontaktowe<\/h3>\n<p style=\"text-align: left;\">Wszystkie problemy z dost\u0119pno\u015bci\u0105 cyfrow\u0105 tej strony internetowej mo\u017cesz zg\u0142osi\u0107 do <span id=\"a11y-kontakt\">Henryka Jana Dominiaka<\/span> \u2014 mejlowo <a id=\"a11y-email\" href=\"mailto:arhen-dominiak@hotmail.com\">arhen-dominiak@hotmail.com<\/a> lub telefonicznie <a id=\"a11y-telefon\" href=\"tel:+48692875944\">692 875 944<\/a>.<\/p>\n<p style=\"text-align: left;\">Ka\u017cdy ma prawo wyst\u0105pi\u0107 z \u017c\u0105daniem zapewnienia dost\u0119pno\u015bci cyfrowej tej strony internetowej lub jej element\u00f3w.<\/p>\n<p style=\"text-align: left;\">Zg\u0142aszaj\u0105c takie \u017c\u0105danie podaj:<\/p>\n\n<ul>\n \t<li style=\"text-align: left;\">swoje imi\u0119 i nazwisko,<\/li>\n \t<li style=\"text-align: left;\">swoje dane kontaktowe (np. numer telefonu, e-mail),<\/li>\n \t<li style=\"text-align: left;\">dok\u0142adny adres strony internetowej, na kt\u00f3rej jest niedost\u0119pny cyfrowo element lub tre\u015b\u0107,<\/li>\n \t<li style=\"text-align: left;\">opis na czym polega problem i jaki spos\u00f3b jego rozwi\u0105zania by\u0142by dla Ciebie najwygodniejszy.<\/li>\n<\/ul>\n<p style=\"text-align: left;\">Na Twoje zg\u0142oszenie odpowiemy najszybciej jak to mo\u017cliwe, nie p\u00f3\u017aniej ni\u017c w ci\u0105gu 7 dni od jego otrzymania.<\/p>\n<p style=\"text-align: left;\">Je\u017celi ten termin b\u0119dzie dla nas zbyt kr\u00f3tki poinformujemy Ci\u0119 o tym. W tej informacji podamy nowy termin, do kt\u00f3rego poprawimy zg\u0142oszone przez Ciebie b\u0142\u0119dy lub przygotujemy informacje w alternatywny spos\u00f3b. Ten nowy termin nie b\u0119dzie d\u0142u\u017cszy ni\u017c 2 miesi\u0105ce.<\/p>\n<p style=\"text-align: left;\">Je\u017celi nie b\u0119dziemy w stanie zapewni\u0107 dost\u0119pno\u015bci cyfrowej strony internetowej lub tre\u015bci, wskazanej w Twoim \u017c\u0105daniu, zaproponujemy Ci dost\u0119p do nich w alternatywny spos\u00f3b.<\/p>\n\n<h3 style=\"text-align: left;\">Obs\u0142uga wniosk\u00f3w i skarg zwi\u0105zanych z dost\u0119pno\u015bci\u0105<\/h3>\n<p style=\"text-align: left;\">Je\u017celi w odpowiedzi na Tw\u00f3j wniosek o zapewnienie dost\u0119pno\u015bci cyfrowej, odm\u00f3wimy zapewnienia \u017c\u0105danej przez Ciebie dost\u0119pno\u015bci cyfrowej, a Ty nie zgadzasz si\u0119 z t\u0105 odmow\u0105, masz prawo z\u0142o\u017cy\u0107 skarg\u0119.<\/p>\n<p style=\"text-align: left;\">Skarg\u0119 masz prawo z\u0142o\u017cy\u0107 tak\u017ce, je\u015bli nie zgadzasz si\u0119 na skorzystanie z alternatywnego sposobu dost\u0119pu, kt\u00f3ry zaproponowali\u015bmy Ci w odpowiedzi na Tw\u00f3j wniosek o zapewnienie dost\u0119pno\u015bci cyfrowej.<\/p>\n<p style=\"text-align: left;\">Ewentualn\u0105 skarg\u0119 z\u0142\u00f3\u017c listownie lub mailem do kierownictwa naszego muzeum:<\/p>\n\n<ul>\n \t<li style=\"text-align: left;\">Henryk Jan Dominiak \u2014 Dyrektor Muzeum Miniaturowej Sztuki Profesjonalnej Henryk Jan Dominiak w Tychach,<\/li>\n \t<li style=\"text-align: left;\">Adres: <a id=\"a11y-url\" href=\" http:\/\/muzeumminiaturowejsztukiprofesjonalnejhenrykjandominiakwtychach.eu\/?p=52\"><span style=\"text-decoration: underline;\">ul. \u017bwakowska<\/span><\/a> <a id=\"a11y-url\" href=\" http:\/\/muzeumminiaturowejsztukiprofesjonalnejhenrykjandominiakwtychach.eu\/?page_id=260\"><span style=\"text-decoration: underline;\">8<\/span><\/a>\/<a id=\"a11y-url\" href=\" http:\/\/muzeumminiaturowejsztukiprofesjonalnejhenrykjandominiakwtychach.eu\/?page_id=31\"><span style=\"text-decoration: underline;\">66<\/span><\/a>, 43-100 <a id=\"a11y-url\" href=\" http:\/\/muzeumminiaturowejsztukiprofesjonalnejhenrykjandominiakwtychach.eu\/?p=63\"><span style=\"text-decoration: underline;\">Tychy<\/span><\/a>,<\/li>\n \t<li style=\"text-align: left;\">mejl: <a href=\"mailto:arhen-dominiak@hotmail.com\">arhen-dominiak@hotmail.com<\/a>.<\/li>\n<\/ul>\n<p style=\"text-align: left;\"><a href=\"https:\/\/www.gov.pl\/web\/gov\/zloz-wniosek-o-zapewnienie-dostepnosci-cyfrowej-strony-internetowej-lub-aplikacji-mobilnej\">Pomocne mog\u0105 by\u0107 informacje, kt\u00f3re mo\u017cna znale\u017a\u0107 na rz\u0105dowym portalu gov.pl<\/a>.<\/p>\n<p style=\"text-align: left;\">Mo\u017cesz tak\u017ce poinformowa\u0107 o tej sytuacji <a href=\"https:\/\/bip.brpo.gov.pl\/\"> Rzecznika Praw Obywatelskich<\/a> i poprosi\u0107 o interwencj\u0119 w Twojej sprawie.<\/p>\n\n<h3 style=\"text-align: left;\">Pozosta\u0142e informacje jakie zawiera deklaracja dost\u0119pno\u015bci<\/h3>\n<h4 style=\"text-align: left;\">Aplikacje mobilne<\/h4>\n<p style=\"text-align: left;\">Muzeum Miniaturowej Sztuki Profesjonalnej Henryk Jan Dominiak w Tychach nie udost\u0119pnia aplikacji mobilnych.<\/p>\n\n<h4 style=\"text-align: left;\">Deklaracja dost\u0119pno\u015bci architektonicznej<\/h4>\n<h5 style=\"text-align: left;\">Adres siedziby \u2013 Muzeum Miniaturowej Sztuki Profesjonalnej Henryk Jan Dominiak w Tychach \u2014 ul. \u017bwakowska 8\/66, 43-100 Tychy<\/h5>\n<p style=\"text-align: left;\">Do budynku prowadz\u0105 3 wej\u015bcia oznaczone literami 8, 10 i 12. Do 8 i 10 wej\u015b\u0107 prowadz\u0105 schody. Przy schodach do wej\u015bcia 8 i 10 jest podjazd dla w\u00f3zk\u00f3w. W rzeczywisto\u015bci dla go\u015bci do muzeum przeznaczone jest wej\u015bcie 8, jednak\u017ce pozosta\u0142ymi r\u00f3wnie\u017c mo\u017cna si\u0119 dosta\u0107.<\/p>\n<p style=\"text-align: left;\">Warto zauwa\u017cy\u0107, i\u017c wej\u015bcia do obiektu s\u0105 jasno o\u015bwietlone.<\/p>\n<p style=\"text-align: left;\">Co wi\u0119cej, s\u0105 dost\u0119pne systemy wspomagaj\u0105cych wej\u015bcie, takie jak dzwonki i domofony bez regulacji g\u0142o\u015bno\u015bci i oznacze\u0144 w alfabecie Braille&#8217;a.<\/p>\n<p style=\"text-align: left;\">W budynku s\u0105 3 windy.<\/p>\n<p style=\"text-align: left;\">50 m przed budynkiem s\u0105 2 miejsca parkingowe dla os\u00f3b z niepe\u0142nosprawno\u015bciami.<\/p>\n<p style=\"text-align: left;\">W budynku (zapewnienie bezpiecze\u0144stwa) i w oknach oraz wej\u015bciu do muzeum (obowi\u0105zek ustawowy) s\u0105 kamery.<\/p>\n<p style=\"text-align: left;\">Do muzeum i budynku mo\u017cna wej\u015b\u0107 z psem asystuj\u0105cym i psem przewodnikiem.<\/p>\n\n<div style=\"background: #eeeeee; border: 1px solid #cccccc; padding: 5px 10px;\">\n<p style=\"text-align: left;\">Osoby ze szczeg\u00f3lnymi potrzebami, w tym z niepe\u0142nosprawno\u015bciami, seniorzy i rodziny z ma\u0142ymi dzie\u0107mi, wyczerpuj\u0105ce informacje zawieraj\u0105ce liczne szczeg\u00f3\u0142y swobodnego dost\u0119pu do muzeum i budynku, w kt\u00f3rym si\u0119 mie\u015bci, znajd\u0105 na stronie <a href=\"https:\/\/muzeumminiaturowejsztukiprofesjonalnejhenrykjandominiak.eu\/wp\/dostepnosc-architektoniczna\/\">Dost\u0119pno\u015b\u0107 architektoniczna &#8211; opis dost\u0119pno\u015bci wej\u015bcia do budynku i przechodzenia przez obszary kontroli oraz systemu monitorowania i zasady wej\u015bcia z psem<\/a>.<\/p>\n<p style=\"text-align: left;\">Opis dost\u0119pno\u015bci wej\u015b\u0107, korytarzy, wind i innych kluczowych obszar\u00f3w w budynku to wa\u017cny element Deklaracji Dost\u0119pno\u015bci.<\/p>\n\n<\/div>\n<h4 style=\"text-align: left;\">Dost\u0119pno\u015b\u0107 komunikacyjno-informacyjna<\/h4>\n<p style=\"text-align: left;\">W muzeum i w ka\u017cdym innym miejscu budynku nie mo\u017cna skorzysta\u0107 z t\u0142umacza polskiego j\u0119zyka migowego (PJM) online.<\/p>\n<p style=\"text-align: left;\">W budynku nie ma p\u0119tli indukcyjnych.<\/p>\n","protected":false},"excerpt":{"rendered":"<p>Deklaracja dost\u0119pno\u015bci Muzeum Miniaturowej Sztuki Profesjonalnej Henryk Jan Dominiak w Tychach To jest deklaracja dost\u0119pno\u015bci Muzeum Miniaturowej Sztuki Profesjonalnej Henryk Jan Dominiak w Tychach. Jej tre\u015b\u0107,\u00a0struktura\u00a0nag\u0142\u00f3wkowa i specjalne znaczniki w kodzie HTML s\u0105 w pe\u0142ni zgodne z\u00a0Warunkami technicznymi\u00a0publikacji oraz struktur\u0105\u00a0dokumentu elektronicznego Deklaracji Dost\u0119pno\u015bci. Wszystkie linki, kt\u00f3rych u\u017cyli\u015bmy, prowadz\u0105 do w\u0142a\u015bciwych stron lub dokument\u00f3w. Muzeum Miniaturowej [&hellip;]<\/p>\n","protected":false},"author":1,"featured_media":0,"parent":0,"menu_order":2,"comment_status":"closed","ping_status":"closed","template":"","meta":{"footnotes":""},"class_list":["post-14","page","type-page","status-publish","hentry"],"_links":{"self":[{"href":"http:\/\/muzeumminiaturowejsztukiprofesjonalnejhenrykjandominiakwtychach.eu\/index.php?rest_route=\/wp\/v2\/pages\/14","targetHints":{"allow":["GET"]}}],"collection":[{"href":"http:\/\/muzeumminiaturowejsztukiprofesjonalnejhenrykjandominiakwtychach.eu\/index.php?rest_route=\/wp\/v2\/pages"}],"about":[{"href":"http:\/\/muzeumminiaturowejsztukiprofesjonalnejhenrykjandominiakwtychach.eu\/index.php?rest_route=\/wp\/v2\/types\/page"}],"author":[{"embeddable":true,"href":"http:\/\/muzeumminiaturowejsztukiprofesjonalnejhenrykjandominiakwtychach.eu\/index.php?rest_route=\/wp\/v2\/users\/1"}],"replies":[{"embeddable":true,"href":"http:\/\/muzeumminiaturowejsztukiprofesjonalnejhenrykjandominiakwtychach.eu\/index.php?rest_route=%2Fwp%2Fv2%2Fcomments&post=14"}],"version-history":[{"count":7,"href":"http:\/\/muzeumminiaturowejsztukiprofesjonalnejhenrykjandominiakwtychach.eu\/index.php?rest_route=\/wp\/v2\/pages\/14\/revisions"}],"predecessor-version":[{"id":323,"href":"http:\/\/muzeumminiaturowejsztukiprofesjonalnejhenrykjandominiakwtychach.eu\/index.php?rest_route=\/wp\/v2\/pages\/14\/revisions\/323"}],"wp:attachment":[{"href":"http:\/\/muzeumminiaturowejsztukiprofesjonalnejhenrykjandominiakwtychach.eu\/index.php?rest_route=%2Fwp%2Fv2%2Fmedia&parent=14"}],"curies":[{"name":"wp","href":"https:\/\/api.w.org\/{rel}","templated":true}]}}