{"id":134,"date":"2026-04-14T19:16:27","date_gmt":"2026-04-14T17:16:27","guid":{"rendered":"http:\/\/muzeumminiaturowejsztukiprofesjonalnejhenrykjandominiakwtychach.eu\/?page_id=134"},"modified":"2026-04-14T19:18:29","modified_gmt":"2026-04-14T17:18:29","slug":"mikroskopijne-stacje-drogi-krzyzowej","status":"publish","type":"page","link":"http:\/\/muzeumminiaturowejsztukiprofesjonalnejhenrykjandominiakwtychach.eu\/?page_id=134","title":{"rendered":"Mikroskopijne stacje Drogi Krzy\u017cowej"},"content":{"rendered":"\n<h2 id=\"a11y-mikroskopijne-stacje-drogi-krzyzowej\" lang=\"pl\" style=\"text-align: left;\"><span id=\"a11y-podmiot\">Muzeum Miniaturowej Sztuki Profesjonalnej Henryk Jan Dominiak w Tychach posiada w swoich zbiorach miniaturowe stacje M\u0119ki Pa\u0144skiej (Drog\u0119 Krzy\u017cow\u0105).<\/span><\/h2>\n<p style=\"text-align: left;\"><img decoding=\"async\" class=\"alignnone\" src=\"https:\/\/dominiakah.com\/wp\/wp-content\/uploads\/2016\/05\/logo-Henryk-Jan-Dominiak-DOMINIAK-AH.png\" alt=\"Mikroskopijne stacje Drogi Krzy\u017cowej\" width=\"120\" height=\"128,375\" \/><\/p>\n<p id=\"a11y-wstep\" style=\"text-align: left;\"><strong>Mikroskopijne stacje Drogi Krzy\u017cowej<\/strong> to unikalne dzie\u0142a sztuki sakralnej, stworzone z ogromn\u0105 precyzj\u0105 przez artyst\u0119 <span id=\"a11y-osoba\"><a id=\"a11y-url\" href=\" https:\/\/muzeumminiaturowejsztukiprofesjonalnejhenrykjandominiak.eu\/wp\/wojtek-luka-slunski\/\"><span style=\"text-decoration: underline;\">Wojciecha \u0141uk\u0119<\/span><\/a> w skali mikro, cz\u0119sto widoczne w ca\u0142o\u015bci dopiero pod mikroskopem lub przy du\u017cym powi\u0119kszeniu. Ten niezwyk\u0142y cykl pasyjny cechuje si\u0119 niezwyk\u0142\u0105 szczeg\u00f3\u0142owo\u015bci\u0105, wymagaj\u0105c\u0105 u\u017cycia specjalistycznego sprz\u0119tu optycznego do kontemplacji detali. Rysunki\/obrazy charakteryzuj\u0105 si\u0119 wielopostaciowymi, dynamicznymi kompozycjami, cz\u0119sto osadzonymi w szczeg\u00f3\u0142owym tle. Dzie\u0142a te s\u0105 przyk\u0142adem sztuki miniaturowej, gdzie ka\u017cdy detal (modelunek postaci, muskulatura, szaty) jest precyzyjnie opracowany.<\/span><\/p>\n<p style=\"text-align: left;\">Unikalna, miniaturowa Droga Krzy\u017cowa autorstwa <a id=\"a11y-url\" href=\" http:\/\/muzeumminiaturowejsztukiprofesjonalnejhenrykjandominiakwtychach.eu\/?p=212\"><span style=\"text-decoration: underline;\">tyszanina<\/span><\/a> znajduje si\u0119 w zbiorach <a id=\"a11y-url\" href=\" http:\/\/muzeumminiaturowejsztukiprofesjonalnejhenrykjandominiakwtychach.eu\/?p=76\"><span style=\"text-decoration: underline;\">polskiego<\/span><\/a> <span id=\"a11y-podmiot\"><a id=\"a11y-url\" href=\" http:\/\/muzeumminiaturowejsztukiprofesjonalnejhenrykjandominiakwtychach.eu\"><span style=\"text-decoration: underline;\">Muzeum Miniaturowej Sztuki Profesjonalnej Henryk Jan Dominiak w Tychach<\/span><\/a>.<\/span> Jest to kolekcja 14 mikroskopijnych stacji, uznawana za jedn\u0105 z najmniejszych na \u015bwiecie.<\/p>\n\n<h3 style=\"text-align: left;\">14 stacji drogi krzy\u017cowej Jezusa Chrystusa.<\/h3>\n<h4 style=\"text-align: left;\">W rzeczywisto\u015bci RYS138 \u2013 wymiary wynosz\u0105 oko\u0142o 1,46 \u00d7 1,47 cm.<\/h4>\n<p style=\"text-align: center;\"><img loading=\"lazy\" decoding=\"async\" class=\"alignnone\" src=\"https:\/\/upload.wikimedia.org\/wikipedia\/commons\/9\/91\/1._Pan_Jezus_skazany_na_%C5%9Bmier%C4%87%2C_Wojtek_%C5%81uka_2021%2C_tusz_15_x_15_mm.png\" alt=\"Mikroskopijne stacje Drogi Krzy\u017cowej\" width=\"300\" height=\"300\" \/><\/p>\n<p style=\"text-align: left;\"><em>I stacja Drogi Krzy\u017cowej, czyli \u201ePana Jezusa na \u015bmier\u0107 skazuj\u0105\u201d, oznacza moment, w kt\u00f3rym <span id=\"a11y-osoba\">Poncjusz Pi\u0142at, mimo \u015bwiadomo\u015bci niewinno\u015bci <span id=\"a11y-osoba\">Jezusa, ulega presji t\u0142umu i wydaje wyrok ukrzy\u017cowania.<\/span><\/span><\/em><\/p>\n\n<h4 style=\"text-align: left;\">Na pewno RYS139 \u2013 wymiary wynosz\u0105 oko\u0142o 1,46 \u00d7 1,46 cm.<\/h4>\n<p style=\"text-align: center;\"><img loading=\"lazy\" decoding=\"async\" class=\"alignnone\" src=\"https:\/\/upload.wikimedia.org\/wikipedia\/commons\/6\/6e\/2._Pan_Jezus_bierze_krzy%C5%BC_na_ramiona%2C_Wojtek_%C5%81uka_2021%2C_tusz_15_x_15_mm.png\" alt=\"Droga Krzy\u017cowa\" width=\"300\" height=\"300\" \/><\/p>\n<p style=\"text-align: left;\"><em>II stacja Drogi Krzy\u017cowej, w kt\u00f3rej \u201ePan Jezus bierze krzy\u017c\u201d, symbolizuje dobrowolne przyj\u0119cie przez Niego cierpienia, m\u0119ki i \u015bmierci dla odkupienia ludzko\u015bci. To moment, w kt\u00f3rym <span id=\"a11y-osoba\">Jezus, mimo niesprawiedliwego wyroku (I stacja), nie buntuje si\u0119, lecz z mi\u0142o\u015bci do ludzi przyjmuje brzemi\u0119 krzy\u017ca.<\/span><\/em><\/p>\n\n<h4 style=\"text-align: left;\">Jeszcze bardziej RYS140 \u2013 wymiary wynosz\u0105 oko\u0142o 1,46 \u00d7 1,47 cm.<\/h4>\n<p style=\"text-align: center;\"><img loading=\"lazy\" decoding=\"async\" class=\"alignnone\" src=\"https:\/\/upload.wikimedia.org\/wikipedia\/commons\/3\/3a\/3._Pan_Jezus_upada_pod_krzy%C5%BCem_po_raz_pierwszy%2C_Wojtek_%C5%81uka_2021%2C_tusz_15_x_15_mm.png\" alt=\"Mikroskopijne stacje Drogi Krzy\u017cowej\" width=\"300\" height=\"300\" \/><\/p>\n<p style=\"text-align: left;\"><em>III stacja Drogi Krzy\u017cowej, na kt\u00f3rej \u201ePan Jezus upada pod krzy\u017cem\u201d, ma g\u0142\u0119bokie znaczenie teologiczne i duchowe. Upadek ten nie jest tylko wynikiem fizycznego wyczerpania, ale niesie ze sob\u0105 szereg przes\u0142a\u0144. III stacja uczy nas zatem, \u017ce upadek nie jest ostateczn\u0105 pora\u017ck\u0105, a B\u00f3g daje si\u0142\u0119 do dalszej walki mimo wyczerpania.<\/em><\/p>\n\n<h4 style=\"text-align: left;\">Tak czy owak RYS141 \u2013 wymiary wynosz\u0105 oko\u0142o 1,46 \u00d7 1,46 cm.<\/h4>\n<p style=\"text-align: center;\"><img loading=\"lazy\" decoding=\"async\" class=\"alignnone\" src=\"https:\/\/upload.wikimedia.org\/wikipedia\/commons\/5\/52\/4._Pan_Jezus_spotyka_swoj%C4%85_Matk%C4%99%2C_Wojtek_%C5%81uka_2021%2C_tusz_15_x_15_mm.png\" alt=\"\" width=\"300\" height=\"300\" \/><\/p>\n<p style=\"text-align: left;\"><em>IV stacja Drogi Krzy\u017cowej, czyli \u201eMatka Boska spotyka Pana Jezusa\u201d, to moment niezwykle emocjonalny, kt\u00f3ry w teologii i tradycji chrze\u015bcija\u0144skiej\nsymbolizuje wsp\u00f3\u0142cierpienie, g\u0142\u0119bok\u0105 mi\u0142o\u015b\u0107 oraz wierno\u015b\u0107 w obliczu cierpienia. Cho\u0107 wydarzenie to nie zosta\u0142o wprost opisane w Ewangeliach, jest trwa\u0142ym elementem tradycji nabo\u017ce\u0144stwa Drogi Krzy\u017cowej. W rozwa\u017caniach tej stacji cz\u0119sto podkre\u015bla si\u0119, \u017ce Jezus pociesza Matk\u0119, a jednocze\u015bnie Ona daje Mu si\u0142\u0119 do dalszej drogi na Kalwari\u0119.<\/em><\/p>\n\n<h4 style=\"text-align: left;\">Nie wspominaj\u0105c ju\u017c, i\u017c RYS142 \u2013 wymiary wynosz\u0105 oko\u0142o 1,46 \u00d7 1,46 cm.<\/h4>\n<p style=\"text-align: center;\"><img loading=\"lazy\" decoding=\"async\" class=\"alignnone\" src=\"https:\/\/upload.wikimedia.org\/wikipedia\/commons\/e\/e4\/5._Szymon_z_Cyreny_pomaga_nie%C5%9B%C4%87_krzy%C5%BC_Jezusowi%2C_Wojtek_%C5%81uka_2021%2C_tusz_15_x_15_mm.png\" alt=\"\" width=\"300\" height=\"300\" \/><\/p>\n<p style=\"text-align: left;\"><em>V stacja Drogi Krzy\u017cowej, w kt\u00f3rej \u201eSzymon pomaga Panu Jezusowi\u201d nie\u015b\u0107 krzy\u017c, oznacza solidarno\u015b\u0107 w cierpieniu, wezwanie do niesienia pomocy bli\u017anim oraz chrze\u015bcija\u0144skie powo\u0142anie do wsp\u00f3\u0142udzia\u0142u w d\u017awiganiu krzy\u017ca Jezusa. <span id=\"a11y-osoba\">Szymon z Cyreny, zmuszony do pomocy, sta\u0142 si\u0119 symbolem ucznia, kt\u00f3ry \u2013 cz\u0119sto niech\u0119tnie \u2013 przyjmuje trud codzienno\u015bci, odkrywaj\u0105c w nim obecno\u015b\u0107 Boga. W sensie duchowym, ta stacja przypomina, \u017ce ka\u017cdy z nas jest powo\u0142any do niesienia pomocy.<\/span><\/em><\/p>\n\n<h4 style=\"text-align: left;\">Tak czy inaczej RYS143 \u2013 wymiary wynosz\u0105 oko\u0142o 1,46 \u00d7 1,47 cm.<\/h4>\n<p style=\"text-align: center;\"><img loading=\"lazy\" decoding=\"async\" class=\"alignnone\" src=\"https:\/\/upload.wikimedia.org\/wikipedia\/commons\/9\/97\/6._%C5%9Awi%C4%99ta_Weronika_ociera_twarz_Pana_Jezusa%2C_Wojtek_%C5%81uka_2021%2C_tusz_15_x_15_mm.png\" alt=\"\" width=\"300\" height=\"300\" \/><\/p>\n<p style=\"text-align: left;\"><em>VI stacja Drogi Krzy\u017cowej, na kt\u00f3rej \u201eWeronika ociera twarz Panu Jezusowi\u201d, oznacza akt odwagi, wsp\u00f3\u0142czucia i mi\u0142o\u015bci w obliczu cierpienia. Gest ten symbolizuje potrzeb\u0119 przywracania ludzkiej godno\u015bci (oblicza) cierpi\u0105cym, a sama \u015bw. <span id=\"a11y-osoba\">Weronika jest wzorem czynienia dobra bez l\u0119ku przed odrzuceniem. Weronika pokazuje, \u017ce chrze\u015bcijanin powinien stawa\u0107 po stronie dobra, nawet gdy jest to niepopularne lub ryzykowne.<\/span><\/em><\/p>\n\n<h4 style=\"text-align: left;\">W rzeczy samej RYS144 \u2013 wymiary wynosz\u0105 oko\u0142o 1,46 \u00d7 1,46 cm.<\/h4>\n<p style=\"text-align: center;\"><img loading=\"lazy\" decoding=\"async\" class=\"alignnone\" src=\"https:\/\/upload.wikimedia.org\/wikipedia\/commons\/7\/7f\/7._Pan_Jezus_upada_pod_krzy%C5%BCem_po_raz_drugi%2C_Wojtek_%C5%81uka_2021%2C_tusz_15_x_15_mm.png\" alt=\"\" width=\"300\" height=\"300\" \/><\/p>\n<p style=\"text-align: left;\"><em>VII stacja Drogi Krzy\u017cowej, czyli \u201ePan Jezus upada drugi raz\u201d, oznacza\nskrajne wyczerpanie fizyczne i psychiczne, symbolizuj\u0105ce ludzk\u0105 s\u0142abo\u015b\u0107 oraz nawracaj\u0105ce grzechy. To lekcja, \u017ce mimo ponownych upadk\u00f3w i b\u00f3lu, kluczowe jest powstawanie i wierno\u015b\u0107 woli Boga. Drugi upadek uczy nas, \u017ce droga do zbawienia prowadzi przez przezwyci\u0119\u017canie w\u0142asnych s\u0142abo\u015bci. Ten moment to zaproszenie do refleksji nad naszymi w\u0142asnymi upadkami, przeproszenia za brak mi\u0142o\u015bci i znalezienia w Jezusie si\u0142y do dalszej walki.<\/em><\/p>\n\n<h4 style=\"text-align: left;\">Godne uwagi RYS145 \u2013 wymiary wynosz\u0105 oko\u0142o 1,47 \u00d7 1,47 cm.<\/h4>\n<p style=\"text-align: center;\"><img loading=\"lazy\" decoding=\"async\" class=\"alignnone\" src=\"https:\/\/upload.wikimedia.org\/wikipedia\/commons\/c\/c1\/8._Pan_Jezus_pociesza_p%C5%82acz%C4%85ce_niewiasty%2C_Wojtek_%C5%81uka_2021%2C_tusz_15_x_15_mm.png\" alt=\"\" width=\"300\" height=\"300\" \/><\/p>\n<p style=\"text-align: left;\"><em>VIII stacja Drogi Krzy\u017cowej, \u201ePan Jezus spotyka p\u0142acz\u0105ce niewiasty\u201d, oznacza moment, w kt\u00f3rym Jezus, mimo ogromnego cierpienia, pociesza kobiety i wzywa je do nawr\u00f3cenia. Jezus m\u00f3wi: \u201eC\u00f3rki jerozolimskie, nie p\u0142aczcie nade Mn\u0105; p\u0142aczcie raczej nad sob\u0105 i nad waszymi dzie\u0107mi\u201d (\u0141k 23,28), wskazuj\u0105c na konieczno\u015b\u0107 \u017calu za w\u0142asne grzechy. <span id=\"a11y-osoba\">Jezus pokazuje, \u017ce nawet w obliczu \u015bmierci nie jest oboj\u0119tny na b\u00f3l innych i potrafi pocieszy\u0107, jednocze\u015bnie kieruj\u0105c uwag\u0119 na najwa\u017cniejsze \u2013 relacj\u0119 z Bogiem. Stacja ta uczy, \u017ce prawdziwa pokora wymaga uznania w\u0142asnej winy, a nie skupiania si\u0119 wy\u0142\u0105cznie na b\u0142\u0119dach innych.<\/span><\/em><\/p>\n\n<h4 style=\"text-align: left;\">Kr\u00f3tko m\u00f3wi\u0105c RYS146 \u2013 wymiary wynosz\u0105 oko\u0142o 1,46 \u00d7 1,46 cm.<\/h4>\n<p style=\"text-align: center;\"><img loading=\"lazy\" decoding=\"async\" class=\"alignnone\" src=\"https:\/\/upload.wikimedia.org\/wikipedia\/commons\/3\/34\/9._Pan_Jezus_upada_pod_krzy%C5%BCem_po_raz_trzeci%2C_Wojtek_%C5%81uka_2021%2C_tusz_15_x_15_mm.png\" alt=\"\" width=\"300\" height=\"300\" \/><\/p>\n<p style=\"text-align: left;\"><em>IX stacja Drogi Krzy\u017cowej, czyli \u201ePan Jezus upada trzeci raz\u201d, symbolizuje osi\u0105gni\u0119cie granicy ludzkiej wytrzyma\u0142o\u015bci, ca\u0142kowite wycie\u0144czenie oraz d\u017awiganie ci\u0119\u017caru wszystkich grzech\u00f3w ludzko\u015bci. Oznacza moment, w kt\u00f3rym Jezus, mimo ogromnego b\u00f3lu, pokazuje, \u017ce warto podnosi\u0107 si\u0119 po ka\u017cdym, nawet najci\u0119\u017cszym upadku. To dow\u00f3d na mi\u0142o\u015b\u0107 Boga, kt\u00f3ry \u2013 jak wskazuje \u015bw. Josemar\u00eda Escriv\u00e1 \u2013 mimo upadk\u00f3w, \u201echce, by\u015b by\u0142 mocny\u201d, bo moc w s\u0142abo\u015bci si\u0119 doskonali.<\/em><\/p>\n\n<h4 style=\"text-align: left;\">Podobnym sposobem RYS147 \u2013 wymiary wynosz\u0105 oko\u0142o 1,46 \u00d7 1,46 cm.<\/h4>\n<p style=\"text-align: center;\"><img loading=\"lazy\" decoding=\"async\" class=\"alignnone\" src=\"https:\/\/upload.wikimedia.org\/wikipedia\/commons\/f\/f8\/10._Pan_Jezus_z_szat_obna%C5%BCony%2C_Wojtek_%C5%81uka_2021%2C_tusz_15_x_15_mm.png\" alt=\"\" width=\"300\" height=\"300\" \/><\/p>\n<p style=\"text-align: left;\"><em>X stacja Drogi Krzy\u017cowej, czyli \u201eZ Pana Jezusa zdejmuj\u0105 szaty\u201d, oznacza moment ostatecznego upokorzenia, odarcia z godno\u015bci oraz ca\u0142kowitego ogo\u0142ocenia Chrystusa tu\u017c przed przybiciem do krzy\u017ca. Wydarzenie to opisuj\u0105 Ewangelie (np. Mk 15,24), podkre\u015blaj\u0105c brutalno\u015b\u0107 \u017co\u0142nierzy, kt\u00f3rzy dzielili Jego szaty i rzucali losy o tunik\u0119. Jezus przyjmuje nago\u015b\u0107 i wstyd, aby przywr\u00f3ci\u0107 cz\u0142owiekowi utracon\u0105 przez grzech (<span id=\"a11y-osoba\">Adama i <span id=\"a11y-osoba\">Ewy) godno\u015b\u0107 i \u201eokry\u0107\u201d go \u0142ask\u0105. W duchowym sensie stacja ta jest wezwaniem do oderwania si\u0119 od przywi\u0105za\u0144 materialnych, porzucenia pychy i zaufania Bogu w chwilach bycia \u201eogo\u0142oconym\u201d z dobrego imienia czy d\u00f3br materialnych.<\/span><\/span><\/em><\/p>\n\n<h4 style=\"text-align: left;\">Jakkolwiek RYS148 \u2013 wymiary wynosz\u0105 oko\u0142o 1,46 \u00d7 1,46 cm.<\/h4>\n<p style=\"text-align: center;\"><img loading=\"lazy\" decoding=\"async\" class=\"alignnone\" src=\"https:\/\/upload.wikimedia.org\/wikipedia\/commons\/e\/e2\/11._Pan_Jezus_przybity_do_krzy%C5%BCa%2C_Wojtek_%C5%81uka_2021%2C_tusz_15_x_15_mm.png\" alt=\"\" width=\"300\" height=\"300\" \/><\/p>\n<p style=\"text-align: left;\"><em>XI stacja Drogi Krzy\u017cowej, podczas kt\u00f3rej \u201ePana Jezusa przybijaj\u0105 do krzy\u017ca\u201d, oznacza kulminacyjny moment Jego m\u0119ki, symbolizuj\u0105cy ostateczne po\u015bwi\u0119cenie, wierno\u015b\u0107 oraz totalne ogo\u0142ocenie z wolno\u015bci na rzecz zbawienia ludzko\u015bci. To moment przej\u015bcia od m\u0119cze\u0144skiej w\u0119dr\u00f3wki do unieruchomienia na narz\u0119dziu \u015bmierci. Ka\u017cdy gw\u00f3\u017ad\u017a jest rozwa\u017cany jako znak mi\u0142o\u015bci, kt\u00f3ra nie cofa si\u0119 przed fizycznym b\u00f3lem, by zrealizowa\u0107 zbawienie. Tradycyjna modlitwa przy tej stacji brzmi: \u201eK\u0142aniamy Ci si\u0119, Panie Jezu Chryste, i b\u0142ogos\u0142awimy Tobie, \u017ce\u015b przez krzy\u017c i m\u0119k\u0119 swoj\u0105 \u015bwiat odkupi\u0107 raczy\u0142\u201d.<\/em><\/p>\n\n<h4 style=\"text-align: left;\">Notabene RYS149 \u2013 wymiary wynosz\u0105 oko\u0142o 1,46 \u00d7 1,46 cm.<\/h4>\n<p style=\"text-align: center;\"><img loading=\"lazy\" decoding=\"async\" class=\"alignnone\" src=\"https:\/\/upload.wikimedia.org\/wikipedia\/commons\/2\/22\/12._Pan_Jezus_umiera_na_krzy%C5%BCu%2C_Wojtek_%C5%81uka_2021%2C_tusz_15_x_15_mm.png\" alt=\"\" width=\"300\" height=\"300\" \/><\/p>\n<p style=\"text-align: left;\"><em>XII stacja Drogi Krzy\u017cowej \u2013 \u201ePan Jezus na krzy\u017cu umiera\u201d. Zapada cisza. Inna ni\u017c wszystkie. Jezus umiera\u2026 To, co wydaje si\u0119 ko\u0144cem, staje si\u0119 pocz\u0105tkiem. A obok krzy\u017ca Jezusowego sta\u0142y: Matka Jego i siostra Matki Jego, Maria, \u017cona Kleofasa, i Maria Magdalena.<\/em><\/p>\n\n<h4 style=\"text-align: left;\">Zw\u0142aszcza RYS150 \u2013 wymiary wynosz\u0105 oko\u0142o 1,46 \u00d7 1,46 cm.<\/h4>\n<p style=\"text-align: center;\"><img loading=\"lazy\" decoding=\"async\" class=\"alignnone\" src=\"https:\/\/upload.wikimedia.org\/wikipedia\/commons\/7\/7b\/13._Pan_Jezus_zdj%C4%99ty_z_krzy%C5%BCa%2C_Wojtek_%C5%81uka_2021%2C_tusz_15_x_15_mm.png\" alt=\"\" width=\"300\" height=\"300\" \/><\/p>\n<p style=\"text-align: left;\"><em>XIII stacja Drogi Krzy\u017cowej, czyli \u201eCia\u0142o Pana Jezusa zdejmuj\u0105 z krzy\u017ca\u201d i z\u0142o\u017cenie go w ramionach Matki, to moment pe\u0142en b\u00f3lu, ciszy i ostatecznego po\u017cegnania, kt\u00f3ry niesie ze sob\u0105 g\u0142\u0119bokie znaczenie teologiczne oraz emocjonalne. Stacja ta przypomina o \u015bmierci bliskich os\u00f3b. Wskazuje na potrzeb\u0119 bycia przy umieraj\u0105cych i pomagania tym, kt\u00f3rych dotkn\u0119\u0142a tragedia, pokazuj\u0105c, \u017ce nawet w najciemniejszych chwilach mi\u0142o\u015b\u0107 Boga \u015bwieci najja\u015bniej.<\/em><\/p>\n\n<h4 style=\"text-align: left;\">Podsumowuj\u0105c RYS151 \u2013 wymiary wynosz\u0105 oko\u0142o 1,46 \u00d7 1,46 cm.<\/h4>\n<p style=\"text-align: center;\"><img loading=\"lazy\" decoding=\"async\" class=\"alignnone\" src=\"https:\/\/upload.wikimedia.org\/wikipedia\/commons\/9\/97\/14._Pan_Jezus_z%C5%82o%C5%BCony_do_grobu%2C_Wojtek_%C5%81uka_2021%2C_tusz_15_x_15_mm.png\" alt=\"\" width=\"300\" height=\"300\" \/><\/p>\n<p style=\"text-align: left;\"><em>XIV stacja Drogi Krzy\u017cowej, w kt\u00f3rej \u201ePan Jezus le\u017cy w grobie\u201d, symbolizuje zako\u0144czenie Jego ziemskiej m\u0119ki, absolutne pos\u0142usze\u0144stwo woli Ojca oraz nadziej\u0119 na Zmartwychwstanie. To moment przej\u015bcia od \u015bmierci do \u017cycia, ukazuj\u0105cy, \u017ce gr\u00f3b nie jest ko\u0144cem, ale miejscem, w kt\u00f3rym dokona\u0142o si\u0119 odkupienie. Jezus z\u0142o\u017cony w grobie jest samotny, a uczniowie s\u0105 zagubieni. To zach\u0119ta do zaufania Bogu w najciemniejszych momentach \u017cycia, gdy wydaje si\u0119, \u017ce nadzieja zgas\u0142a. XIV stacja zamyka nabo\u017ce\u0144stwo Drogi Krzy\u017cowej, przenosz\u0105c my\u015bli wiernych ku Niedzieli Zmartwychwstania.<\/em><\/p>\n\n<h3 style=\"text-align: left;\">Jerozolima \u201eto serce chrze\u015bcija\u0144stwa \u2013 miejsce, gdzie spocz\u0105\u0142, a nast\u0119pnie zmartwychwsta\u0142 Chrystus\u201d.<\/h3>\n<p style=\"text-align: left;\"><em>Jerozolima jest unikalnym miejscem nie tylko z religijnego, ale i historyczno-archeologicznego punktu widzenia. Oto kilka naukowych fakt\u00f3w i ustale\u0144 archeologicznych wspieraj\u0105cych znaczenie tego miejsca:<\/em><\/p>\n\n<h4 style=\"text-align: left;\">Autentyczno\u015b\u0107 Bazyliki Grobu \u015awi\u0119tego:<\/h4>\n<p style=\"text-align: left;\">Najnowsze badania archeologiczne (w tym prowadzone w latach 2016\u20132022) potwierdzaj\u0105, \u017ce teren Bazyliki by\u0142 w I wieku n.e. aktywnym kamienio\u0142omem, a nast\u0119pnie ogrodem, co zgadza si\u0119 z opisami Ewangelii (Jana 19:41).<\/p>\n\n<h4 style=\"text-align: left;\">Odkrycie \u201eOgrodu\u201d:<\/h4>\n<p style=\"text-align: left;\">Wykopaliska pod posadzk\u0105 bazyliki ujawni\u0142y pozosta\u0142o\u015bci 2000-letnich drzew oliwnych i winoro\u015bli, co sugeruje, \u017ce obszar ten by\u0142 zamo\u017cn\u0105, uprawn\u0105 stref\u0105, zanim sta\u0142 si\u0119 miejscem poch\u00f3wku, co potwierdza historyczne umiejscowienie grobu poza \u00f3wczesnymi murami miasta.<\/p>\n\n<h4 style=\"text-align: left;\">Wiek skalnego grobu:<\/h4>\n<p style=\"text-align: left;\">Analiza zaprawy murarskiej z \u201e\u0141o\u017ca Grobowego\u201d wewn\u0105trz bazyliki pozwoli\u0142a naukowcom okre\u015bli\u0107 dat\u0119 powstania konstrukcji na IV wiek n.e. (czasy Konstantyna Wielkiego), co potwierdza, \u017ce ju\u017c wtedy miejsce to by\u0142o czczone jako gr\u00f3b Jezusa.<\/p>\n\n<h4 style=\"text-align: left;\">Golgota jako wzniesienie:<\/h4>\n<p style=\"text-align: left;\">Badania geologiczne potwierdzaj\u0105, \u017ce pod bazylik\u0105 znajduje si\u0119 naturalne, niewielkie wzniesienie skalne, tradycyjnie uznawane za Golgot\u0119 (miejsce ukrzy\u017cowania).<\/p>\n\n<h4 style=\"text-align: left;\">Rzymskie nak\u0142adanie warstw:<\/h4>\n<p style=\"text-align: left;\">Historycy i archeolodzy potwierdzaj\u0105, \u017ce cesarz Hadrian w II wieku n.e. wzni\u00f3s\u0142 na tym miejscu poga\u0144sk\u0105 \u015bwi\u0105tyni\u0119 (Afrodyty\/Wenus), co paradoksalnie pomog\u0142o chrze\u015bcijanom w IV wieku zlokalizowa\u0107 w\u0142a\u015bciwy gr\u00f3b, gdy \u015bwi\u0105tyni\u0119 zburzono.<\/p>\n<p style=\"text-align: left;\"><em>Naukowo Jerozolima jest wi\u0119c \u201epustym grobem\u201d, kt\u00f3ry funkcjonuje jako namacalny \u015bwiadek wydarze\u0144 opisanych w Nowym Testamencie, otoczony ci\u0105g\u0142o\u015bci\u0105 kulturow\u0105 i historyczn\u0105.<\/em><\/p>\n","protected":false},"excerpt":{"rendered":"<p>Muzeum Miniaturowej Sztuki Profesjonalnej Henryk Jan Dominiak w Tychach posiada w swoich zbiorach miniaturowe stacje M\u0119ki Pa\u0144skiej (Drog\u0119 Krzy\u017cow\u0105). Mikroskopijne stacje Drogi Krzy\u017cowej to unikalne dzie\u0142a sztuki sakralnej, stworzone z ogromn\u0105 precyzj\u0105 przez artyst\u0119 Wojciecha \u0141uk\u0119 w skali mikro, cz\u0119sto widoczne w ca\u0142o\u015bci dopiero pod mikroskopem lub przy du\u017cym powi\u0119kszeniu. Ten niezwyk\u0142y cykl pasyjny cechuje [&hellip;]<\/p>\n","protected":false},"author":1,"featured_media":0,"parent":0,"menu_order":497,"comment_status":"closed","ping_status":"closed","template":"","meta":{"footnotes":""},"class_list":["post-134","page","type-page","status-publish","hentry"],"_links":{"self":[{"href":"http:\/\/muzeumminiaturowejsztukiprofesjonalnejhenrykjandominiakwtychach.eu\/index.php?rest_route=\/wp\/v2\/pages\/134","targetHints":{"allow":["GET"]}}],"collection":[{"href":"http:\/\/muzeumminiaturowejsztukiprofesjonalnejhenrykjandominiakwtychach.eu\/index.php?rest_route=\/wp\/v2\/pages"}],"about":[{"href":"http:\/\/muzeumminiaturowejsztukiprofesjonalnejhenrykjandominiakwtychach.eu\/index.php?rest_route=\/wp\/v2\/types\/page"}],"author":[{"embeddable":true,"href":"http:\/\/muzeumminiaturowejsztukiprofesjonalnejhenrykjandominiakwtychach.eu\/index.php?rest_route=\/wp\/v2\/users\/1"}],"replies":[{"embeddable":true,"href":"http:\/\/muzeumminiaturowejsztukiprofesjonalnejhenrykjandominiakwtychach.eu\/index.php?rest_route=%2Fwp%2Fv2%2Fcomments&post=134"}],"version-history":[{"count":5,"href":"http:\/\/muzeumminiaturowejsztukiprofesjonalnejhenrykjandominiakwtychach.eu\/index.php?rest_route=\/wp\/v2\/pages\/134\/revisions"}],"predecessor-version":[{"id":139,"href":"http:\/\/muzeumminiaturowejsztukiprofesjonalnejhenrykjandominiakwtychach.eu\/index.php?rest_route=\/wp\/v2\/pages\/134\/revisions\/139"}],"wp:attachment":[{"href":"http:\/\/muzeumminiaturowejsztukiprofesjonalnejhenrykjandominiakwtychach.eu\/index.php?rest_route=%2Fwp%2Fv2%2Fmedia&parent=134"}],"curies":[{"name":"wp","href":"https:\/\/api.w.org\/{rel}","templated":true}]}}