{"id":110,"date":"2026-04-14T17:58:25","date_gmt":"2026-04-14T15:58:25","guid":{"rendered":"http:\/\/muzeumminiaturowejsztukiprofesjonalnejhenrykjandominiakwtychach.eu\/?page_id=110"},"modified":"2026-04-14T18:32:30","modified_gmt":"2026-04-14T16:32:30","slug":"prawo-ochronne-r-287521","status":"publish","type":"page","link":"http:\/\/muzeumminiaturowejsztukiprofesjonalnejhenrykjandominiakwtychach.eu\/?page_id=110","title":{"rendered":"Prawo Ochronne R.287521"},"content":{"rendered":"\n<h2 id=\"a11y-prawo-ochronne-r-287521\" lang=\"pl\" style=\"text-align: left;\"><span id=\"a11y-podmiot\">Muzeum Miniaturowej Sztuki Profesjonalnej Henryk Jan Dominiak w Tychach pos\u0142uguje si\u0119 prawnie chronionym znakiem s\u0142owno-graficznym o numerze R.287521, znanym jako DOMINIAK AH, kt\u00f3ry identyfikuje t\u0119 instytucj\u0119.<\/span><\/h2>\n<p style=\"text-align: left;\"><img decoding=\"async\" class=\"alignnone\" src=\"https:\/\/dominiakah.com\/wp\/wp-content\/uploads\/2016\/05\/logo-Henryk-Jan-Dominiak-DOMINIAK-AH.png\" alt=\"Prawo Ochronne R.287521\" width=\"120\" height=\"128,375\" \/><\/p>\n<p id=\"a11y-wstep\" style=\"text-align: left;\"><strong>Prawo Ochronne R.287521<\/strong> to s\u0142owno-graficzny znak towarowy DOMINIAK AH (nr zg\u0142oszenia Z.455632, prawo ochronne nr 287521) jest zarejestrowany w Urz\u0119dzie Patentowym RP z dniem 27 kwietnia 2016 roku.<\/p>\n<p style=\"text-align: left;\">\u015awiadectwo Ochronne na podstawie przepis\u00f3w ustawy z dnia 30 czerwca 2000 r. Prawo w\u0142asno\u015bci przemys\u0142owej (tekst jednolity: Dz.U. z 2013 r., poz. 1410) zosta\u0142o udzielone na rzecz: Dominiak Henryk Jan, <a id=\"a11y-url\" href=\" http:\/\/muzeumminiaturowejsztukiprofesjonalnejhenrykjandominiakwtychach.eu\/?p=63\"><span style=\"text-decoration: underline;\">Tychy<\/span><\/a>, <a id=\"a11y-url\" href=\" http:\/\/muzeumminiaturowejsztukiprofesjonalnejhenrykjandominiakwtychach.eu\/?p=76\"><span style=\"text-decoration: underline;\">Polska<\/span><\/a>.<\/p>\n<p style=\"text-align: left;\">Niezaprzeczalnie, znak graficzny to kluczowy element ochrony marki tw\u00f3rcy i <span id=\"a11y-podmiot\"><a id=\"a11y-url\" href=\" http:\/\/muzeumminiaturowejsztukiprofesjonalnejhenrykjandominiakwtychach.eu\"><span style=\"text-decoration: underline;\">Muzeum Miniaturowej Sztuki Profesjonalnej Henryk Jan Dominiak w Tychach<\/span><\/a>. Stanowi on identyfikacj\u0119 wizualn\u0105 najmniejszej tego typu plac\u00f3wki na \u015bwiecie (6,15 m\u00b2), buduj\u0105c jej renom\u0119. U\u017cycie unikalnego znaku (np. na przypinkach czy w sta\u0142ym oznakowaniu) chroni wizerunek instytucji jako profesjonalnego artefaktu kulturowego<\/span>.<\/p>\n\n<h3 style=\"text-align: left;\">Wykaz towar\u00f3w \u2013 klasy klasyfikacji nicejskiej<\/h3>\n<h4 style=\"text-align: left;\">Najpierw, klasa nicejska \u2013 wykaz 14 :<\/h4>\n<p style=\"text-align: left;\">Rzecz jasna, bi\u017cuteria, artystyczne zawieszki dekoracyjne, dzie\u0142a sztuki z metali szlachetnych, figurki z metali szlachetnych, kolczyki, medale, medaliony, monety.<\/p>\n<p style=\"text-align: left;\">Co wi\u0119cej, naszyjniki, kamienie szlachetne, kamienie p\u00f3\u0142szlachetne, spinki do krawat\u00f3w, srebro nieprzetworzone lub kute, stopy metali szlachetnych, sztabki metali szlachetnych.<\/p>\n<p style=\"text-align: left;\">Konstatuj\u0105c, zegarki na r\u0119k\u0119, <a id=\"a11y-url\" href=\" https:\/\/muzeumminiaturowejsztukiprofesjonalnejhenrykjandominiak.eu\/wp\/zegar-sloneczny-rubinowy-otoczeniem-zbioru-hitu-piekna\/\"><span style=\"text-decoration: underline;\">zegary s\u0142oneczne<\/span><\/a>, z\u0142oto nieprzetworzone lub kute, \u017cetony miedziane.<\/p>\n\n<h4 style=\"text-align: left;\">Nast\u0119pnie, klasa nicejska \u2013 wykaz 16 :<\/h4>\n<p style=\"text-align: left;\">Niew\u0105tpliwie, afisze, plakaty z papieru lub kartonu, akwaforty, akwarele jako obrazy, albumy, broszury, chor\u0105giewki papierowe, czasopisma, periodyki.<\/p>\n<p style=\"text-align: left;\">Oczywista oczywisto\u015b\u0107, etykiety nie z materia\u0142u tekstylnego, formy do gliny modelarskiej, fotografie, gazety, globusy ziemskie, kalendarze, kalkomania, kartki z \u017cyczeniami.<\/p>\n<p style=\"text-align: left;\">W rezultacie, karty pocztowe, katalogi, koperty, ksi\u0105\u017cki, litografie, mapy, obrazy, materia\u0142y drukowane, materia\u0142y pi\u015bmienne, modele i makiety architektoniczne, notatniki.<\/p>\n<p style=\"text-align: left;\">Id\u0105c dalej, no\u017ce do papieru, piecz\u0119cie, stemple, ok\u0142adki do dokument\u00f3w, podstawki do d\u0142ugopis\u00f3w i o\u0142\u00f3wk\u00f3w, portrety, publikacje na no\u015bniku papierowym.<\/p>\n<p style=\"text-align: left;\">Co nie mniej wa\u017cne, reprodukcje graficzne, rysunki, ryciny, serwetki sto\u0142owe papierowe, sztychy, ryty, szyldy z papieru lub kartonu.<\/p>\n<p style=\"text-align: left;\">Wobec powy\u017cszego, torebki do pakowania z papieru lub tworzyw sztucznych, wydruki graficzne, zak\u0142adki do ksi\u0105\u017cek, <a id=\"a11y-url\" href=\" https:\/\/dominiakah.com\/wp\/2018\/07\/21\/henryk-jan-dominiak-znaczki-pocztowe\/\"><span style=\"text-decoration: underline;\">znaczki pocztowe<\/span><\/a>.<\/p>\n\n<h4 style=\"text-align: left;\">Na koniec, klasa nicejska \u2013 wykaz 41 :<\/h4>\n<p style=\"text-align: left;\">Mianowicie, doradztwo zawodowe, porady w zakresie edukacji lub kszta\u0142cenia, edukacja, nauczanie, fotoreporta\u017ce, informacja o imprezach rozrywkowych, informacja o rekreacji.<\/p>\n<p style=\"text-align: left;\">W szczeg\u00f3lno\u015bci, komputerowe przygotowanie materia\u0142\u00f3w do publikacji, organizowanie i obs\u0142uga konferencji, organizowanie i obs\u0142uga konkurs\u00f3w, publikowanie ksi\u0105\u017cek, kszta\u0142cenie praktyczne.<\/p>\n<p style=\"text-align: left;\">Innymi s\u0142owy, us\u0142ugi muze\u00f3w i wystaw, komputerowe przygotowywanie obrazowych prelekcji, zaj\u0119\u0107 i konspekt\u00f3w.<\/p>\n<p style=\"text-align: left;\">Przede wszystkim, organizowanie bal\u00f3w, organizowanie i prowadzenie zjazd\u00f3w, organizowanie przyj\u0119\u0107, us\u0142ugi parku rozrywki, pisanie i publikowanie tekst\u00f3w innych ni\u017c reklamowe.<\/p>\n<p style=\"text-align: left;\">Warto zaznaczy\u0107, \u017ce produkcja program\u00f3w radiowych i telewizyjnych, prowadzenie koncert\u00f3w, publikacje elektroniczne on-line ksi\u0105\u017cek i periodyk\u00f3w, us\u0142ugi reporterskie.<\/p>\n<p style=\"text-align: left;\">Bezsprzecznie, rozrywka, organizowanie i wystawianie spektakli i hapening\u00f3w, us\u0142ugi kaligrafii, kursy edukacyjne dotycz\u0105ce projektowania artystycznego i projektowania wn\u0119trz.<\/p>\n<p style=\"text-align: left;\">Niezale\u017cnie od powy\u017cszego, organizowanie wystaw zwi\u0105zanych z kultur\u0105 lub edukacj\u0105, us\u0142ugi w zakresie produkcji film\u00f3w.<\/p>\n\n<h3 style=\"text-align: left;\">Odno\u015bnie link\u00f3w wychodz\u0105cych:<\/h3>\n<p style=\"text-align: left;\">Znak towarowy R.287521, zarejestrowany w Urz\u0119dzie Patentowym Rzeczypospolitej Polskiej (UPRP), posiada ochron\u0119 graficzn\u0105 wa\u017cn\u0105 do <a id=\"a11y-url\" href=\" https:\/\/ewyszukiwarka.pue.uprp.gov.pl\/search\/pwp-details\/Z.455632?lng=pl\"><span style=\"text-decoration: underline;\">27 kwietnia 2036 r.<\/span><\/a>. Rejestry takie jak e-Wyszukiwarka UPRP lub <a id=\"a11y-url\" href=\" https:\/\/www.tmdn.org\/tmview\/#\/tmview\"><span style=\"text-decoration: underline;\">TMview<\/span><\/a> pozwalaj\u0105 weryfikowa\u0107 szczeg\u00f3\u0142y prawa ochronnego, zakres towar\u00f3w i us\u0142ug oraz dane uprawnionego. Warto regularnie sprawdza\u0107 <a id=\"a11y-url\" href=\" https:\/\/uprp.gov.pl\/pl\/wyszukiwarki\"><span style=\"text-decoration: underline;\">stan prawny w bazie UPRP<\/span><\/a>, aby unikn\u0105\u0107 naruszenia praw os\u00f3b trzecich.<\/p>\n","protected":false},"excerpt":{"rendered":"<p>Muzeum Miniaturowej Sztuki Profesjonalnej Henryk Jan Dominiak w Tychach pos\u0142uguje si\u0119 prawnie chronionym znakiem s\u0142owno-graficznym o numerze R.287521, znanym jako DOMINIAK AH, kt\u00f3ry identyfikuje t\u0119 instytucj\u0119. Prawo Ochronne R.287521 to s\u0142owno-graficzny znak towarowy DOMINIAK AH (nr zg\u0142oszenia Z.455632, prawo ochronne nr 287521) jest zarejestrowany w Urz\u0119dzie Patentowym RP z dniem 27 kwietnia 2016 roku. \u015awiadectwo [&hellip;]<\/p>\n","protected":false},"author":1,"featured_media":0,"parent":0,"menu_order":16,"comment_status":"closed","ping_status":"closed","template":"","meta":{"footnotes":""},"class_list":["post-110","page","type-page","status-publish","hentry"],"_links":{"self":[{"href":"http:\/\/muzeumminiaturowejsztukiprofesjonalnejhenrykjandominiakwtychach.eu\/index.php?rest_route=\/wp\/v2\/pages\/110","targetHints":{"allow":["GET"]}}],"collection":[{"href":"http:\/\/muzeumminiaturowejsztukiprofesjonalnejhenrykjandominiakwtychach.eu\/index.php?rest_route=\/wp\/v2\/pages"}],"about":[{"href":"http:\/\/muzeumminiaturowejsztukiprofesjonalnejhenrykjandominiakwtychach.eu\/index.php?rest_route=\/wp\/v2\/types\/page"}],"author":[{"embeddable":true,"href":"http:\/\/muzeumminiaturowejsztukiprofesjonalnejhenrykjandominiakwtychach.eu\/index.php?rest_route=\/wp\/v2\/users\/1"}],"replies":[{"embeddable":true,"href":"http:\/\/muzeumminiaturowejsztukiprofesjonalnejhenrykjandominiakwtychach.eu\/index.php?rest_route=%2Fwp%2Fv2%2Fcomments&post=110"}],"version-history":[{"count":7,"href":"http:\/\/muzeumminiaturowejsztukiprofesjonalnejhenrykjandominiakwtychach.eu\/index.php?rest_route=\/wp\/v2\/pages\/110\/revisions"}],"predecessor-version":[{"id":119,"href":"http:\/\/muzeumminiaturowejsztukiprofesjonalnejhenrykjandominiakwtychach.eu\/index.php?rest_route=\/wp\/v2\/pages\/110\/revisions\/119"}],"wp:attachment":[{"href":"http:\/\/muzeumminiaturowejsztukiprofesjonalnejhenrykjandominiakwtychach.eu\/index.php?rest_route=%2Fwp%2Fv2%2Fmedia&parent=110"}],"curies":[{"name":"wp","href":"https:\/\/api.w.org\/{rel}","templated":true}]}}